{"id":6038,"date":"2023-02-27T23:18:55","date_gmt":"2023-02-27T23:18:55","guid":{"rendered":"https:\/\/nordicbags.eu\/bolso-facet\/"},"modified":"2024-09-03T15:14:20","modified_gmt":"2024-09-03T15:14:20","slug":"bolso-hombro-facetado","status":"publish","type":"product","link":"https:\/\/nordicbags.eu\/es\/producto\/bolso-hombro-facetado\/","title":{"rendered":"Bolso FACET"},"content":{"rendered":"","protected":false},"excerpt":{"rendered":"<p>Presentamos <strong>la bandolera FACET<\/strong>: la combinaci\u00f3n perfecta de forma y funcionalidad. Este precioso accesorio est\u00e1 disponible en cuatro impresionantes colores, para que pueda elegir el que mejor se adapte a su estilo personal. La correa ajustable le permite personalizar la longitud de la bolsa para adaptarla a su comodidad, lo que la hace perfecta para actividades sobre la marcha. Fabricada en piel espa\u00f1ola de alta calidad, esta bandolera est\u00e1 dise\u00f1ada para durar. El bolsillo interior con cremallera a\u00f1ade una capa adicional de seguridad, permiti\u00e9ndole guardar sus objetos de valor con facilidad. Dise\u00f1ada en Estonia, nuestra bolsa presenta formas espaciales y geom\u00e9tricas que encapsulan la sencillez de los colores y la arquitectura n\u00f3rdicos. Ya sea para hacer recados, ir al trabajo o salir de aventura el fin de semana, esta vers\u00e1til bandolera es la elecci\u00f3n perfecta. Combina sin esfuerzo estilo y funcionalidad, lo que la convierte en un accesorio imprescindible para cualquiera que valore la calidad y la sofisticaci\u00f3n. As\u00ed pues, reg\u00e1lese esta impresionante bandolera y experimente lo \u00faltimo en forma, funcionalidad y estilo. Gerda Retter Design es una marca estonia de accesorios desde 2016, que elabora cada producto a mano y solo utiliza cuero curtido al cromo de alta calidad, en su atelier situado en Tartu, Estonia. Los rasgos distintivos de la marca son las formas espaciales y geom\u00e9tricas, junto con la discreta elegancia de los colores y la arquitectura n\u00f3rdicos.<\/p>\n<ul>\n<li>Dimensiones: 24 cm x 21 cm x 9 cm (laterales) x 12,5 cm (fondo)<\/li>\n<li>Tama\u00f1o de la correa: 110 cm &#8211; 140 cm<\/li>\n<li>Material: Piel espa\u00f1ola de calidad<\/li>\n<li>Dise\u00f1ado y fabricado en Estonia<\/li>\n<\/ul>\n","protected":false},"featured_media":5187,"comment_status":"open","ping_status":"closed","template":"","meta":{"_acf_changed":false},"pwb-brand":[295],"product_brand":[],"product_cat":[250,249],"product_tag":[],"class_list":{"0":"post-6038","1":"product","2":"type-product","3":"status-publish","4":"has-post-thumbnail","6":"pwb-brand-gerda-retter-design-es","7":"product_cat-bolsos-cruzados","8":"product_cat-bolsos-de-piel","10":"first","11":"outofstock","12":"taxable","13":"shipping-taxable","14":"purchasable","15":"product-type-variable"},"acf":[],"brands":[{"id":295,"name":"Gerda Retter Design","slug":"gerda-retter-design-es"}],"_links":{"self":[{"href":"https:\/\/nordicbags.eu\/es\/wp-json\/wp\/v2\/product\/6038","targetHints":{"allow":["GET"]}}],"collection":[{"href":"https:\/\/nordicbags.eu\/es\/wp-json\/wp\/v2\/product"}],"about":[{"href":"https:\/\/nordicbags.eu\/es\/wp-json\/wp\/v2\/types\/product"}],"replies":[{"embeddable":true,"href":"https:\/\/nordicbags.eu\/es\/wp-json\/wp\/v2\/comments?post=6038"}],"wp:featuredmedia":[{"embeddable":true,"href":"https:\/\/nordicbags.eu\/es\/wp-json\/wp\/v2\/media\/5187"}],"wp:attachment":[{"href":"https:\/\/nordicbags.eu\/es\/wp-json\/wp\/v2\/media?parent=6038"}],"wp:term":[{"taxonomy":"pwb-brand","embeddable":true,"href":"https:\/\/nordicbags.eu\/es\/wp-json\/wp\/v2\/pwb-brand?post=6038"},{"taxonomy":"product_brand","embeddable":true,"href":"https:\/\/nordicbags.eu\/es\/wp-json\/wp\/v2\/product_brand?post=6038"},{"taxonomy":"product_cat","embeddable":true,"href":"https:\/\/nordicbags.eu\/es\/wp-json\/wp\/v2\/product_cat?post=6038"},{"taxonomy":"product_tag","embeddable":true,"href":"https:\/\/nordicbags.eu\/es\/wp-json\/wp\/v2\/product_tag?post=6038"}],"curies":[{"name":"wp","href":"https:\/\/api.w.org\/{rel}","templated":true}]}}

<p>Presentamos <strong>la bandolera FACET</strong>: la combinación perfecta de forma y funcionalidad. Este precioso accesorio está disponible en cuatro impresionantes colores, para que pueda elegir el que mejor se adapte a su estilo personal. La correa ajustable le permite personalizar la longitud de la bolsa para adaptarla a su comodidad, lo que la hace perfecta para actividades sobre la marcha. Fabricada en piel española de alta calidad, esta bandolera está diseñada para durar. El bolsillo interior con cremallera añade una capa adicional de seguridad, permitiéndole guardar sus objetos de valor con facilidad. Diseñada en Estonia, nuestra bolsa presenta formas espaciales y geométricas que encapsulan la sencillez de los colores y la arquitectura nórdicos. Ya sea para hacer recados, ir al trabajo o salir de aventura el fin de semana, esta versátil bandolera es la elección perfecta. Combina sin esfuerzo estilo y funcionalidad, lo que la convierte en un accesorio imprescindible para cualquiera que valore la calidad y la sofisticación. Así pues, regálese esta impresionante bandolera y experimente lo último en forma, funcionalidad y estilo. Gerda Retter Design es una marca estonia de accesorios desde 2016, que elabora cada producto a mano y solo utiliza cuero curtido al cromo de alta calidad, en su atelier situado en Tartu, Estonia. Los rasgos distintivos de la marca son las formas espaciales y geométricas, junto con la discreta elegancia de los colores y la arquitectura nórdicos.</p>
<ul>
<li>Dimensiones: 24 cm x 21 cm x 9 cm (laterales) x 12,5 cm (fondo)</li>
<li>Tamaño de la correa: 110 cm &#8211; 140 cm</li>
<li>Material: Piel española de calidad</li>
<li>Diseñado y fabricado en Estonia</li>
</ul>
