{"id":6049,"date":"2023-02-27T23:19:17","date_gmt":"2023-02-27T23:19:17","guid":{"rendered":"https:\/\/nordicbags.eu\/facet-maletin-para-portatil-negro\/"},"modified":"2024-09-03T15:13:52","modified_gmt":"2024-09-03T15:13:52","slug":"facet-laptop-case-negro","status":"publish","type":"product","link":"https:\/\/nordicbags.eu\/es\/producto\/facet-laptop-case-negro\/","title":{"rendered":"FACET Malet\u00edn para port\u00e1til &#8211; Negro"},"content":{"rendered":"","protected":false},"excerpt":{"rendered":"<p>Presentamos <strong>la<\/strong> elegante y funcional bolsa negra para port\u00e1til <strong>de FACET<\/strong>, que tambi\u00e9n sirve como bolso de moda. Elaborado con la mejor piel curtida al cromo, este bolso es el ep\u00edtome de la artesan\u00eda de alta calidad y la durabilidad. Dise\u00f1ada pensando en la comodidad, la bolsa cuenta con un espacioso bolsillo interior en el que caben el port\u00e1til y otros documentos. El bolsillo est\u00e1 abierto, lo que permite un f\u00e1cil acceso a tus objetos esenciales, al tiempo que proporciona una amplia protecci\u00f3n para tus dispositivos electr\u00f3nicos. El dise\u00f1o elegante y minimalista de la bolsa la hace perfecta para los profesionales que siempre est\u00e1n en movimiento. Su estilo vers\u00e1til puede complementar f\u00e1cilmente cualquier atuendo, tanto si te diriges a una reuni\u00f3n de negocios como si vas a tomar un caf\u00e9 con los amigos. La bolsa negra para port\u00e1til est\u00e1 disponible en dos variantes: con o sin correa larga ajustable. La correa proporciona una mayor comodidad y conveniencia, lo que le permite llevar la bolsa con las manos libres cuando sea necesario. En general, esta bolsa para port\u00e1til es la mezcla perfecta de moda y funcionalidad. Es un accesorio imprescindible para cualquiera que busque a\u00f1adir un toque de elegancia y sofisticaci\u00f3n a su rutina diaria. Gerda Retter Design es una marca estonia de accesorios desde 2016, que elabora cada producto a mano y solo utiliza cuero curtido al cromo de alta calidad, en su atelier situado en Tartu, Estonia. Los rasgos distintivos de la marca son las formas espaciales y geom\u00e9tricas, junto con la discreta elegancia de los colores y la arquitectura n\u00f3rdicos.<\/p>\n<ul>\n<li>Dimensiones: 32 cm x 27 cm x 10 cm<\/li>\n<li>Material: Piel espa\u00f1ola de calidad<\/li>\n<li>Dise\u00f1ado y fabricado en Estonia<\/li>\n<\/ul>\n","protected":false},"featured_media":5203,"comment_status":"open","ping_status":"closed","template":"","meta":{"_acf_changed":false},"pwb-brand":[295],"product_brand":[],"product_cat":[261,253,251,249],"product_tag":[],"class_list":{"0":"post-6049","1":"product","2":"type-product","3":"status-publish","4":"has-post-thumbnail","6":"pwb-brand-gerda-retter-design-es","7":"product_cat-bandoleras","8":"product_cat-bolsas-y-mochilas-portatil","9":"product_cat-bolsos","10":"product_cat-bolsos-de-piel","11":"product_shipping_class-regular-es","13":"first","14":"outofstock","15":"taxable","16":"shipping-taxable","17":"purchasable","18":"product-type-variable"},"acf":[],"brands":[{"id":295,"name":"Gerda Retter Design","slug":"gerda-retter-design-es"}],"_links":{"self":[{"href":"https:\/\/nordicbags.eu\/es\/wp-json\/wp\/v2\/product\/6049","targetHints":{"allow":["GET"]}}],"collection":[{"href":"https:\/\/nordicbags.eu\/es\/wp-json\/wp\/v2\/product"}],"about":[{"href":"https:\/\/nordicbags.eu\/es\/wp-json\/wp\/v2\/types\/product"}],"replies":[{"embeddable":true,"href":"https:\/\/nordicbags.eu\/es\/wp-json\/wp\/v2\/comments?post=6049"}],"wp:featuredmedia":[{"embeddable":true,"href":"https:\/\/nordicbags.eu\/es\/wp-json\/wp\/v2\/media\/5203"}],"wp:attachment":[{"href":"https:\/\/nordicbags.eu\/es\/wp-json\/wp\/v2\/media?parent=6049"}],"wp:term":[{"taxonomy":"pwb-brand","embeddable":true,"href":"https:\/\/nordicbags.eu\/es\/wp-json\/wp\/v2\/pwb-brand?post=6049"},{"taxonomy":"product_brand","embeddable":true,"href":"https:\/\/nordicbags.eu\/es\/wp-json\/wp\/v2\/product_brand?post=6049"},{"taxonomy":"product_cat","embeddable":true,"href":"https:\/\/nordicbags.eu\/es\/wp-json\/wp\/v2\/product_cat?post=6049"},{"taxonomy":"product_tag","embeddable":true,"href":"https:\/\/nordicbags.eu\/es\/wp-json\/wp\/v2\/product_tag?post=6049"}],"curies":[{"name":"wp","href":"https:\/\/api.w.org\/{rel}","templated":true}]}}

FACET Maletín para portátil &#8211; Negro

<p>Presentamos <strong>la</strong> elegante y funcional bolsa negra para portátil <strong>de FACET</strong>, que también sirve como bolso de moda. Elaborado con la mejor piel curtida al cromo, este bolso es el epítome de la artesanía de alta calidad y la durabilidad. Diseñada pensando en la comodidad, la bolsa cuenta con un espacioso bolsillo interior en el que caben el portátil y otros documentos. El bolsillo está abierto, lo que permite un fácil acceso a tus objetos esenciales, al tiempo que proporciona una amplia protección para tus dispositivos electrónicos. El diseño elegante y minimalista de la bolsa la hace perfecta para los profesionales que siempre están en movimiento. Su estilo versátil puede complementar fácilmente cualquier atuendo, tanto si te diriges a una reunión de negocios como si vas a tomar un café con los amigos. La bolsa negra para portátil está disponible en dos variantes: con o sin correa larga ajustable. La correa proporciona una mayor comodidad y conveniencia, lo que le permite llevar la bolsa con las manos libres cuando sea necesario. En general, esta bolsa para portátil es la mezcla perfecta de moda y funcionalidad. Es un accesorio imprescindible para cualquiera que busque añadir un toque de elegancia y sofisticación a su rutina diaria. Gerda Retter Design es una marca estonia de accesorios desde 2016, que elabora cada producto a mano y solo utiliza cuero curtido al cromo de alta calidad, en su atelier situado en Tartu, Estonia. Los rasgos distintivos de la marca son las formas espaciales y geométricas, junto con la discreta elegancia de los colores y la arquitectura nórdicos.</p>
<ul>
<li>Dimensiones: 32 cm x 27 cm x 10 cm</li>
<li>Material: Piel española de calidad</li>
<li>Diseñado y fabricado en Estonia</li>
</ul>
