{"id":6051,"date":"2023-02-27T23:19:25","date_gmt":"2023-02-27T23:19:25","guid":{"rendered":"https:\/\/nordicbags.eu\/mochila-facet\/"},"modified":"2025-05-29T18:52:05","modified_gmt":"2025-05-29T18:52:05","slug":"facet-handmade-mochila-negra","status":"publish","type":"product","link":"https:\/\/nordicbags.eu\/es\/producto\/facet-handmade-mochila-negra\/","title":{"rendered":"Mochila FACET"},"content":{"rendered":"","protected":false},"excerpt":{"rendered":"<p>La <strong>mochila FACET<\/strong> est\u00e1 fabricada con la mejor piel espa\u00f1ola y dise\u00f1ada en Estonia, y encierra una combinaci\u00f3n de funcionalidad y estilo. Con una correa ajustable, se puede personalizar f\u00e1cilmente a la longitud que prefiera y se puede llevar como bandolera o como mochila. Presenta dos bolsillos interiores; uno con cremallera para guardar tus objetos de valor de forma segura y otro plano y abierto para acceder f\u00e1cilmente a tus objetos de uso diario. Fabricada con materiales de alta calidad, esta mochila no s\u00f3lo es duradera, sino tambi\u00e9n pr\u00e1ctica. Soporta el desgaste del uso diario y mantendr\u00e1 sus pertenencias organizadas y al alcance de la mano en todo momento. Ideal para el trabajo, los viajes o el ocio, esta mochila es la compa\u00f1era perfecta para cualquiera que necesite tener las manos libres mientras se desplaza. Y con su elegante dise\u00f1o negro, seguro que complementa cualquier atuendo. Sin renunciar a la calidad ni al estilo, es una mezcla perfecta de forma y funci\u00f3n, lo que la convierte en una elecci\u00f3n acertada para cualquiera que busque una mochila fiable y con estilo. Gerda Retter Design es una marca estonia de accesorios desde 2016, que elabora cada producto a mano y solo utiliza cuero curtido al cromo de alta calidad, en su atelier situado en Tartu, Estonia. Los rasgos distintivos de la marca son las formas espaciales y geom\u00e9tricas, junto con la discreta elegancia de los colores y la arquitectura n\u00f3rdicos.<\/p>\n<ul>\n<li>Dimensiones: 40 cm x 38 cm x 12 cm<\/li>\n<li>Material: Piel espa\u00f1ola de calidad<\/li>\n<li>Dise\u00f1ado y fabricado en Estonia<\/li>\n<\/ul>\n","protected":false},"featured_media":5207,"comment_status":"open","ping_status":"closed","template":"","meta":{"_acf_changed":false},"pwb-brand":[295],"product_brand":[],"product_cat":[261,241,253,249,242],"product_tag":[],"class_list":{"0":"post-6051","1":"product","2":"type-product","3":"status-publish","4":"has-post-thumbnail","6":"pwb-brand-gerda-retter-design-es","7":"product_cat-bandoleras","8":"product_cat-bolsas-de-viaje","9":"product_cat-bolsas-y-mochilas-portatil","10":"product_cat-bolsos-de-piel","11":"product_cat-mochilas-y-mochilas-de-dia","12":"product_shipping_class-regular-es","14":"first","15":"outofstock","16":"taxable","17":"shipping-taxable","18":"purchasable","19":"product-type-simple"},"acf":[],"brands":[{"id":295,"name":"Gerda Retter Design","slug":"gerda-retter-design-es"}],"_links":{"self":[{"href":"https:\/\/nordicbags.eu\/es\/wp-json\/wp\/v2\/product\/6051","targetHints":{"allow":["GET"]}}],"collection":[{"href":"https:\/\/nordicbags.eu\/es\/wp-json\/wp\/v2\/product"}],"about":[{"href":"https:\/\/nordicbags.eu\/es\/wp-json\/wp\/v2\/types\/product"}],"replies":[{"embeddable":true,"href":"https:\/\/nordicbags.eu\/es\/wp-json\/wp\/v2\/comments?post=6051"}],"wp:featuredmedia":[{"embeddable":true,"href":"https:\/\/nordicbags.eu\/es\/wp-json\/wp\/v2\/media\/5207"}],"wp:attachment":[{"href":"https:\/\/nordicbags.eu\/es\/wp-json\/wp\/v2\/media?parent=6051"}],"wp:term":[{"taxonomy":"pwb-brand","embeddable":true,"href":"https:\/\/nordicbags.eu\/es\/wp-json\/wp\/v2\/pwb-brand?post=6051"},{"taxonomy":"product_brand","embeddable":true,"href":"https:\/\/nordicbags.eu\/es\/wp-json\/wp\/v2\/product_brand?post=6051"},{"taxonomy":"product_cat","embeddable":true,"href":"https:\/\/nordicbags.eu\/es\/wp-json\/wp\/v2\/product_cat?post=6051"},{"taxonomy":"product_tag","embeddable":true,"href":"https:\/\/nordicbags.eu\/es\/wp-json\/wp\/v2\/product_tag?post=6051"}],"curies":[{"name":"wp","href":"https:\/\/api.w.org\/{rel}","templated":true}]}}

<p>La <strong>mochila FACET</strong> está fabricada con la mejor piel española y diseñada en Estonia, y encierra una combinación de funcionalidad y estilo. Con una correa ajustable, se puede personalizar fácilmente a la longitud que prefiera y se puede llevar como bandolera o como mochila. Presenta dos bolsillos interiores; uno con cremallera para guardar tus objetos de valor de forma segura y otro plano y abierto para acceder fácilmente a tus objetos de uso diario. Fabricada con materiales de alta calidad, esta mochila no sólo es duradera, sino también práctica. Soporta el desgaste del uso diario y mantendrá sus pertenencias organizadas y al alcance de la mano en todo momento. Ideal para el trabajo, los viajes o el ocio, esta mochila es la compañera perfecta para cualquiera que necesite tener las manos libres mientras se desplaza. Y con su elegante diseño negro, seguro que complementa cualquier atuendo. Sin renunciar a la calidad ni al estilo, es una mezcla perfecta de forma y función, lo que la convierte en una elección acertada para cualquiera que busque una mochila fiable y con estilo. Gerda Retter Design es una marca estonia de accesorios desde 2016, que elabora cada producto a mano y solo utiliza cuero curtido al cromo de alta calidad, en su atelier situado en Tartu, Estonia. Los rasgos distintivos de la marca son las formas espaciales y geométricas, junto con la discreta elegancia de los colores y la arquitectura nórdicos.</p>
<ul>
<li>Dimensiones: 40 cm x 38 cm x 12 cm</li>
<li>Material: Piel española de calidad</li>
<li>Diseñado y fabricado en Estonia</li>
</ul>
