{"id":6111,"date":"2023-02-27T23:37:49","date_gmt":"2023-02-27T23:37:49","guid":{"rendered":"https:\/\/nordicbags.eu\/malmo-13-gris\/"},"modified":"2025-05-31T09:59:05","modified_gmt":"2025-05-31T09:59:05","slug":"malmo-13-gris","status":"publish","type":"product","link":"https:\/\/nordicbags.eu\/es\/producto\/malmo-13-gris\/","title":{"rendered":"MALM\u00d6 13 &#8211; Gris"},"content":{"rendered":"","protected":false},"excerpt":{"rendered":"<div class=\"entry-content\">\n<p><span style=\"font-weight: 400;\">Funda tipo sobre para Macbook Air y Pro.<\/span><\/p>\n<p><span style=\"font-weight: 400;\"><strong>MALM\u00d6<\/strong> es sencillo pero recto y funcional para mantener a salvo todos los bienes con un estilo elegante \u00fanico. Guarda tus cables y accesorios en el bolsillo delantero y tu port\u00e1til en el compartimento principal. El fieltro grueso y la alta calidad hacen de esta funda un accesorio seguro. La solapa delantera se cierra con un broche magn\u00e9tico. El fieltro duradero y la fabricaci\u00f3n artesanal hacen de este bolso su compa\u00f1ero diario durante mucho tiempo.<\/span><\/p>\n<p><span style=\"font-weight: 400;\">Los bolsos de Nordhale son para quienes aprecian las peque\u00f1as cosas de la vida\u00a0 y tienen la confianza necesaria para ser distintos.. 100% hecho a mano en Estonia. Dise\u00f1ados para durar en cualquier condici\u00f3n meteorol\u00f3gica.<\/span><\/p>\n<ul>\n<li style=\"font-weight: 400;\" aria-level=\"1\"><span style=\"font-weight: 400;\">Fieltro PET reciclado<\/span><\/li>\n<li style=\"font-weight: 400;\" aria-level=\"1\"><span style=\"font-weight: 400;\">Resistente a la intemperie<\/span><\/li>\n<li style=\"font-weight: 400;\" aria-level=\"1\"><span style=\"font-weight: 400;\">100% hecho a mano en Estonia<\/span><\/li>\n<li style=\"font-weight: 400;\" aria-level=\"1\"><span style=\"font-weight: 400;\">Se env\u00eda en un paquete ecol\u00f3gico<\/span><\/li>\n<li style=\"font-weight: 400;\" aria-level=\"1\"><span style=\"font-weight: 400;\">Dimensiones \u2013 34 x 25 cm (alto, largo)<\/span><\/li>\n<li style=\"font-weight: 400;\" aria-level=\"1\"><span style=\"font-weight: 400;\">Peso 172 g<\/span><\/li>\n<\/ul>\n<p><span style=\"font-weight: 400;\">Env\u00edo: 3-5 d\u00edas laborables<\/span><\/p>\n<\/div>\n","protected":false},"featured_media":5420,"comment_status":"open","ping_status":"closed","template":"","meta":{"_acf_changed":false},"pwb-brand":[290],"product_brand":[],"product_cat":[253],"product_tag":[],"class_list":{"0":"post-6111","1":"product","2":"type-product","3":"status-publish","4":"has-post-thumbnail","6":"pwb-brand-nordhale-es","7":"product_cat-bolsas-y-mochilas-portatil","8":"product_shipping_class-regular-es","10":"first","11":"instock","12":"taxable","13":"shipping-taxable","14":"purchasable","15":"product-type-simple"},"acf":[],"brands":[{"id":290,"name":"Nordhale","slug":"nordhale-es"}],"_links":{"self":[{"href":"https:\/\/nordicbags.eu\/es\/wp-json\/wp\/v2\/product\/6111","targetHints":{"allow":["GET"]}}],"collection":[{"href":"https:\/\/nordicbags.eu\/es\/wp-json\/wp\/v2\/product"}],"about":[{"href":"https:\/\/nordicbags.eu\/es\/wp-json\/wp\/v2\/types\/product"}],"replies":[{"embeddable":true,"href":"https:\/\/nordicbags.eu\/es\/wp-json\/wp\/v2\/comments?post=6111"}],"wp:featuredmedia":[{"embeddable":true,"href":"https:\/\/nordicbags.eu\/es\/wp-json\/wp\/v2\/media\/5420"}],"wp:attachment":[{"href":"https:\/\/nordicbags.eu\/es\/wp-json\/wp\/v2\/media?parent=6111"}],"wp:term":[{"taxonomy":"pwb-brand","embeddable":true,"href":"https:\/\/nordicbags.eu\/es\/wp-json\/wp\/v2\/pwb-brand?post=6111"},{"taxonomy":"product_brand","embeddable":true,"href":"https:\/\/nordicbags.eu\/es\/wp-json\/wp\/v2\/product_brand?post=6111"},{"taxonomy":"product_cat","embeddable":true,"href":"https:\/\/nordicbags.eu\/es\/wp-json\/wp\/v2\/product_cat?post=6111"},{"taxonomy":"product_tag","embeddable":true,"href":"https:\/\/nordicbags.eu\/es\/wp-json\/wp\/v2\/product_tag?post=6111"}],"curies":[{"name":"wp","href":"https:\/\/api.w.org\/{rel}","templated":true}]}}

MALMÖ 13 &#8211; Gris

<div class="entry-content">
<p><span style="font-weight: 400;">Funda tipo sobre para Macbook Air y Pro.</span></p>
<p><span style="font-weight: 400;"><strong>MALMÖ</strong> es sencillo pero recto y funcional para mantener a salvo todos los bienes con un estilo elegante único. Guarda tus cables y accesorios en el bolsillo delantero y tu portátil en el compartimento principal. El fieltro grueso y la alta calidad hacen de esta funda un accesorio seguro. La solapa delantera se cierra con un broche magnético. El fieltro duradero y la fabricación artesanal hacen de este bolso su compañero diario durante mucho tiempo.</span></p>
<p><span style="font-weight: 400;">Los bolsos de Nordhale son para quienes aprecian las pequeñas cosas de la vida  y tienen la confianza necesaria para ser distintos.. 100% hecho a mano en Estonia. Diseñados para durar en cualquier condición meteorológica.</span></p>
<ul>
<li style="font-weight: 400;" aria-level="1"><span style="font-weight: 400;">Fieltro PET reciclado</span></li>
<li style="font-weight: 400;" aria-level="1"><span style="font-weight: 400;">Resistente a la intemperie</span></li>
<li style="font-weight: 400;" aria-level="1"><span style="font-weight: 400;">100% hecho a mano en Estonia</span></li>
<li style="font-weight: 400;" aria-level="1"><span style="font-weight: 400;">Se envía en un paquete ecológico</span></li>
<li style="font-weight: 400;" aria-level="1"><span style="font-weight: 400;">Dimensiones – 34 x 25 cm (alto, largo)</span></li>
<li style="font-weight: 400;" aria-level="1"><span style="font-weight: 400;">Peso 172 g</span></li>
</ul>
<p><span style="font-weight: 400;">Envío: 3-5 días laborables</span></p>
</div>
