{"id":6143,"date":"2023-02-28T06:18:44","date_gmt":"2023-02-28T06:18:44","guid":{"rendered":"https:\/\/nordicbags.eu\/neceser-multifuncion-121-camuflaje\/"},"modified":"2024-09-03T15:10:46","modified_gmt":"2024-09-03T15:10:46","slug":"bolsa-lavado-multifuncional-121-camo","status":"publish","type":"product","link":"https:\/\/nordicbags.eu\/es\/producto\/bolsa-lavado-multifuncional-121-camo\/","title":{"rendered":"Neceser multifunci\u00f3n 121 &#8211; Camuflaje"},"content":{"rendered":"","protected":false},"excerpt":{"rendered":"<p>El neceser <strong>multifuncional 121<\/strong> est\u00e1 fabricado con material Cordura duradero, lo que garantiza que pueda resistir cualquier aventura al aire libre. El espacioso bolsillo con cremallera ofrece un amplio espacio para guardar sus art\u00edculos de higiene, como cepillos de dientes, pasta dent\u00edfrica, maquinilla de afeitar y otros utensilios de aseo. Con el espejo a\u00f1adido, podr\u00e1 afeitarse o maquillarse f\u00e1cilmente sobre la marcha. Esta bolsa de alta calidad sirve tambi\u00e9n como neceser de exterior con un pr\u00e1ctico espejo. De tama\u00f1o compacto, es f\u00e1cil de llevar y guardar en la mochila o el equipaje, lo que la convierte en la compa\u00f1era de viaje perfecta para todas tus necesidades de higiene.  <\/p>\n<ul>\n<li>Color: camuflaje digital de las Fuerzas Armadas de Estonia<\/li>\n<li>Dimensiones: 26 cm x 19 cm<\/li>\n<li>Certificados de proveedores: <a href=\"https:\/\/www.iso.org\/standard\/62085.html\">ISO 9001:2015<\/a>\n  <\/li>\n<li>Dise\u00f1ado y fabricado en Estonia<\/li>\n<\/ul>\n","protected":false},"featured_media":5671,"comment_status":"open","ping_status":"closed","template":"","meta":{"_acf_changed":false},"pwb-brand":[285],"product_brand":[],"product_cat":[280,271],"product_tag":[],"class_list":{"0":"post-6143","1":"product","2":"type-product","3":"status-publish","4":"has-post-thumbnail","6":"pwb-brand-galvi-linda-es","7":"product_cat-bolsas-de-maquillaje-y-cosmeticos","8":"product_cat-bolsas-militares","9":"product_shipping_class-regular-es","11":"first","12":"outofstock","13":"taxable","14":"shipping-taxable","15":"purchasable","16":"product-type-simple"},"acf":[],"brands":[{"id":285,"name":"Galvi-Linda","slug":"galvi-linda-es"}],"_links":{"self":[{"href":"https:\/\/nordicbags.eu\/es\/wp-json\/wp\/v2\/product\/6143","targetHints":{"allow":["GET"]}}],"collection":[{"href":"https:\/\/nordicbags.eu\/es\/wp-json\/wp\/v2\/product"}],"about":[{"href":"https:\/\/nordicbags.eu\/es\/wp-json\/wp\/v2\/types\/product"}],"replies":[{"embeddable":true,"href":"https:\/\/nordicbags.eu\/es\/wp-json\/wp\/v2\/comments?post=6143"}],"wp:featuredmedia":[{"embeddable":true,"href":"https:\/\/nordicbags.eu\/es\/wp-json\/wp\/v2\/media\/5671"}],"wp:attachment":[{"href":"https:\/\/nordicbags.eu\/es\/wp-json\/wp\/v2\/media?parent=6143"}],"wp:term":[{"taxonomy":"pwb-brand","embeddable":true,"href":"https:\/\/nordicbags.eu\/es\/wp-json\/wp\/v2\/pwb-brand?post=6143"},{"taxonomy":"product_brand","embeddable":true,"href":"https:\/\/nordicbags.eu\/es\/wp-json\/wp\/v2\/product_brand?post=6143"},{"taxonomy":"product_cat","embeddable":true,"href":"https:\/\/nordicbags.eu\/es\/wp-json\/wp\/v2\/product_cat?post=6143"},{"taxonomy":"product_tag","embeddable":true,"href":"https:\/\/nordicbags.eu\/es\/wp-json\/wp\/v2\/product_tag?post=6143"}],"curies":[{"name":"wp","href":"https:\/\/api.w.org\/{rel}","templated":true}]}}

Neceser multifunción 121 &#8211; Camuflaje

<p>El neceser <strong>multifuncional 121</strong> está fabricado con material Cordura duradero, lo que garantiza que pueda resistir cualquier aventura al aire libre. El espacioso bolsillo con cremallera ofrece un amplio espacio para guardar sus artículos de higiene, como cepillos de dientes, pasta dentífrica, maquinilla de afeitar y otros utensilios de aseo. Con el espejo añadido, podrá afeitarse o maquillarse fácilmente sobre la marcha. Esta bolsa de alta calidad sirve también como neceser de exterior con un práctico espejo. De tamaño compacto, es fácil de llevar y guardar en la mochila o el equipaje, lo que la convierte en la compañera de viaje perfecta para todas tus necesidades de higiene.  </p>
<ul>
<li>Color: camuflaje digital de las Fuerzas Armadas de Estonia</li>
<li>Dimensiones: 26 cm x 19 cm</li>
<li>Certificados de proveedores: <a href="https://www.iso.org/standard/62085.html">ISO 9001:2015</a>
  </li>
<li>Diseñado y fabricado en Estonia</li>
</ul>
