{"id":6576,"date":"2023-10-01T10:39:10","date_gmt":"2023-10-01T10:39:10","guid":{"rendered":"https:\/\/nordicbags.eu\/modelo-bucket-negro\/"},"modified":"2024-02-27T09:41:27","modified_gmt":"2024-02-27T09:41:27","slug":"modelo-cubo-negro","status":"publish","type":"product","link":"https:\/\/nordicbags.eu\/es\/producto\/modelo-cubo-negro\/","title":{"rendered":"Modelo Bucket &#8211; Negro"},"content":{"rendered":"","protected":false},"excerpt":{"rendered":"<div class=\"entry-content\">\n<p>En <strong>el modelo Bucket<\/strong> cabe todo lo necesario para el d\u00eda a d\u00eda: una botella de agua, un cuaderno, un tel\u00e9fono, una cartera y mucho m\u00e1s. Tiene un cierre magn\u00e9tico para facilitar el acceso, un peque\u00f1o bolsillo interior para la cartera o la barra de labios y dos asas superiores para llevar. Incluye una correa ajustable para llevarla al hombro o cruzada.<\/p>\n<ul>\n<li>Material: cuero de curtido ecol\u00f3gico<\/li>\n<li>Tama\u00f1o: 18\/32 cm x 22 cm x 14 cm<\/li>\n<li>Viene con una correa cruzada<\/li>\n<li>Presentado en una bolsa de regalo de lona reutilizable<\/li>\n<li>Dise\u00f1ado y fabricado en Estonia<\/li>\n<\/ul>\n<p>&nbsp;<\/p>\n<\/div>\n","protected":false},"featured_media":6573,"comment_status":"open","ping_status":"closed","template":"","meta":{"_acf_changed":false},"pwb-brand":[],"product_brand":[],"product_cat":[251,249],"product_tag":[],"class_list":{"0":"post-6576","1":"product","2":"type-product","3":"status-publish","4":"has-post-thumbnail","6":"product_cat-bolsos","7":"product_cat-bolsos-de-piel","9":"first","10":"instock","11":"taxable","12":"shipping-taxable","13":"purchasable","14":"product-type-simple"},"acf":[],"brands":[],"_links":{"self":[{"href":"https:\/\/nordicbags.eu\/es\/wp-json\/wp\/v2\/product\/6576","targetHints":{"allow":["GET"]}}],"collection":[{"href":"https:\/\/nordicbags.eu\/es\/wp-json\/wp\/v2\/product"}],"about":[{"href":"https:\/\/nordicbags.eu\/es\/wp-json\/wp\/v2\/types\/product"}],"replies":[{"embeddable":true,"href":"https:\/\/nordicbags.eu\/es\/wp-json\/wp\/v2\/comments?post=6576"}],"wp:featuredmedia":[{"embeddable":true,"href":"https:\/\/nordicbags.eu\/es\/wp-json\/wp\/v2\/media\/6573"}],"wp:attachment":[{"href":"https:\/\/nordicbags.eu\/es\/wp-json\/wp\/v2\/media?parent=6576"}],"wp:term":[{"taxonomy":"pwb-brand","embeddable":true,"href":"https:\/\/nordicbags.eu\/es\/wp-json\/wp\/v2\/pwb-brand?post=6576"},{"taxonomy":"product_brand","embeddable":true,"href":"https:\/\/nordicbags.eu\/es\/wp-json\/wp\/v2\/product_brand?post=6576"},{"taxonomy":"product_cat","embeddable":true,"href":"https:\/\/nordicbags.eu\/es\/wp-json\/wp\/v2\/product_cat?post=6576"},{"taxonomy":"product_tag","embeddable":true,"href":"https:\/\/nordicbags.eu\/es\/wp-json\/wp\/v2\/product_tag?post=6576"}],"curies":[{"name":"wp","href":"https:\/\/api.w.org\/{rel}","templated":true}]}}

<div class="entry-content">
<p>En <strong>el modelo Bucket</strong> cabe todo lo necesario para el día a día: una botella de agua, un cuaderno, un teléfono, una cartera y mucho más. Tiene un cierre magnético para facilitar el acceso, un pequeño bolsillo interior para la cartera o la barra de labios y dos asas superiores para llevar. Incluye una correa ajustable para llevarla al hombro o cruzada.</p>
<ul>
<li>Material: cuero de curtido ecológico</li>
<li>Tamaño: 18/32 cm x 22 cm x 14 cm</li>
<li>Viene con una correa cruzada</li>
<li>Presentado en una bolsa de regalo de lona reutilizable</li>
<li>Diseñado y fabricado en Estonia</li>
</ul>
<p>&nbsp;</p>
</div>
