{"id":7171,"date":"2024-02-08T10:33:41","date_gmt":"2024-02-08T10:33:41","guid":{"rendered":"https:\/\/nordicbags.eu\/seljakott-114-070-03-80l\/"},"modified":"2024-02-27T10:32:33","modified_gmt":"2024-02-27T10:32:33","slug":"la-mochila-114-070-03-80l","status":"publish","type":"product","link":"https:\/\/nordicbags.eu\/es\/producto\/la-mochila-114-070-03-80l\/","title":{"rendered":"La mochila 114-070-03 80L"},"content":{"rendered":"","protected":false},"excerpt":{"rendered":"<div class=\"entry-content\">\n<p data-sanitized-data-mce-fragment=\"\"><strong>La mochila 114-070-03 80L<\/strong> es fabricada en Estonia por Galvi-Linda y tambi\u00e9n es utilizada por las Fuerzas Armadas. El compartimento principal de la mochila tiene una capacidad de 80 litros.<\/p>\n<p>Si no est\u00e1 seguro, no se preocupe, no hay problema. En la parte inferior de la mochila hay un compartimento con cremallera dise\u00f1ado para guardar zapatos. La parte trasera de la mochila, cubierta con tela de algod\u00f3n, est\u00e1 equipada con acolchados que aseguran una mejor ventilaci\u00f3n entre la espalda del usuario y el panel trasero de la mochila. No se preocupe por nada ni por nadie. Con el <strong>sistema MOLLE<\/strong>, se pueden transportar todo tipo de objetos. En el caso de los ni\u00f1os, la edad m\u00ednima es de 18 a\u00f1os. En la tapa que cierra la mochila hay un bolsillo con cremallera.<\/p>\n<p><strong>Galvi-Linda<\/strong> es una de las empresas m\u00e1s sensatas del mundo, pero tambi\u00e9n una de las mejores. Galvi-Linda ha sido un socio de confianza para las Fuerzas de Defensa de Estonia y la polic\u00eda durante a\u00f1os en la producci\u00f3n de mochilas, ropa y otros equipos. Cuando el Ministerio de Defensa decidi\u00f3 en la segunda mitad de los 90 desarrollar su propio equipo para las Fuerzas de Defensa de Estonia, Galvi-Linda fue uno de los socios elegidos.<\/p>\n<ul>\n<li>Color: verde militar<\/li>\n<li>Tama\u00f1o: 58 cm x 77 cm x 25 cm<\/li>\n<li>Capacidad (compartimento principal): 80 litros<\/li>\n<li>Normas del fabricante: ISO 9001:2015<\/li>\n<li>Dise\u00f1ada y producida en Estonia<\/li>\n<\/ul>\n<p>&nbsp;<\/p>\n<div id=\"gtx-trans\" style=\"position: absolute; left: 83px; top: 222px;\">\n<div class=\"gtx-trans-icon\"><\/div>\n<\/div>\n<\/div>\n","protected":false},"featured_media":6893,"comment_status":"open","ping_status":"closed","template":"","meta":{"_acf_changed":false},"pwb-brand":[],"product_brand":[],"product_cat":[242],"product_tag":[],"class_list":{"0":"post-7171","1":"product","2":"type-product","3":"status-publish","4":"has-post-thumbnail","6":"product_cat-mochilas-y-mochilas-de-dia","8":"first","9":"outofstock","10":"taxable","11":"shipping-taxable","12":"purchasable","13":"product-type-simple"},"acf":[],"brands":[],"_links":{"self":[{"href":"https:\/\/nordicbags.eu\/es\/wp-json\/wp\/v2\/product\/7171","targetHints":{"allow":["GET"]}}],"collection":[{"href":"https:\/\/nordicbags.eu\/es\/wp-json\/wp\/v2\/product"}],"about":[{"href":"https:\/\/nordicbags.eu\/es\/wp-json\/wp\/v2\/types\/product"}],"replies":[{"embeddable":true,"href":"https:\/\/nordicbags.eu\/es\/wp-json\/wp\/v2\/comments?post=7171"}],"wp:featuredmedia":[{"embeddable":true,"href":"https:\/\/nordicbags.eu\/es\/wp-json\/wp\/v2\/media\/6893"}],"wp:attachment":[{"href":"https:\/\/nordicbags.eu\/es\/wp-json\/wp\/v2\/media?parent=7171"}],"wp:term":[{"taxonomy":"pwb-brand","embeddable":true,"href":"https:\/\/nordicbags.eu\/es\/wp-json\/wp\/v2\/pwb-brand?post=7171"},{"taxonomy":"product_brand","embeddable":true,"href":"https:\/\/nordicbags.eu\/es\/wp-json\/wp\/v2\/product_brand?post=7171"},{"taxonomy":"product_cat","embeddable":true,"href":"https:\/\/nordicbags.eu\/es\/wp-json\/wp\/v2\/product_cat?post=7171"},{"taxonomy":"product_tag","embeddable":true,"href":"https:\/\/nordicbags.eu\/es\/wp-json\/wp\/v2\/product_tag?post=7171"}],"curies":[{"name":"wp","href":"https:\/\/api.w.org\/{rel}","templated":true}]}}

<div class="entry-content">
<p data-sanitized-data-mce-fragment=""><strong>La mochila 114-070-03 80L</strong> es fabricada en Estonia por Galvi-Linda y también es utilizada por las Fuerzas Armadas. El compartimento principal de la mochila tiene una capacidad de 80 litros.</p>
<p>Si no está seguro, no se preocupe, no hay problema. En la parte inferior de la mochila hay un compartimento con cremallera diseñado para guardar zapatos. La parte trasera de la mochila, cubierta con tela de algodón, está equipada con acolchados que aseguran una mejor ventilación entre la espalda del usuario y el panel trasero de la mochila. No se preocupe por nada ni por nadie. Con el <strong>sistema MOLLE</strong>, se pueden transportar todo tipo de objetos. En el caso de los niños, la edad mínima es de 18 años. En la tapa que cierra la mochila hay un bolsillo con cremallera.</p>
<p><strong>Galvi-Linda</strong> es una de las empresas más sensatas del mundo, pero también una de las mejores. Galvi-Linda ha sido un socio de confianza para las Fuerzas de Defensa de Estonia y la policía durante años en la producción de mochilas, ropa y otros equipos. Cuando el Ministerio de Defensa decidió en la segunda mitad de los 90 desarrollar su propio equipo para las Fuerzas de Defensa de Estonia, Galvi-Linda fue uno de los socios elegidos.</p>
<ul>
<li>Color: verde militar</li>
<li>Tamaño: 58 cm x 77 cm x 25 cm</li>
<li>Capacidad (compartimento principal): 80 litros</li>
<li>Normas del fabricante: ISO 9001:2015</li>
<li>Diseñada y producida en Estonia</li>
</ul>
<p>&nbsp;</p>
<div id="gtx-trans" style="position: absolute; left: 83px; top: 222px;">
<div class="gtx-trans-icon"></div>
</div>
</div>
