{"id":7186,"date":"2024-02-09T08:53:20","date_gmt":"2024-02-09T08:53:20","guid":{"rendered":"https:\/\/nordicbags.eu\/mochila-montanas-azules\/"},"modified":"2025-05-29T17:43:09","modified_gmt":"2025-05-29T17:43:09","slug":"mochila-montanas-azules","status":"publish","type":"product","link":"https:\/\/nordicbags.eu\/es\/producto\/mochila-montanas-azules\/","title":{"rendered":"Mochila &#8211; Monta\u00f1as Azules"},"content":{"rendered":"","protected":false},"excerpt":{"rendered":"<p>Haz tu d\u00eda a d\u00eda m\u00e1s f\u00e1cil con la mochila BLUE MOUNTAINS, una mochila minimalista y ligera perfecta para llevar al parque, a la oficina o a donde te lleve el d\u00eda. Este elegante bolso estampado te har\u00e1 destacar y te proporcionar\u00e1 espacio suficiente para guardar tus objetos de uso diario.<\/p>\n<p><strong>Material:<\/strong><\/p>\n<p><strong>Parte superior<\/strong>: tejido de terciopelo con dise\u00f1o MUNI \u00abMonta\u00f1as Bue\u00bb. <strong>Parte inferior:<\/strong> poli\u00e9ster resistente impermeable en azul marino. <strong>Forro:<\/strong> tejido en negro.<\/p>\n<p>Dos correas ajustables para los hombros garantizar\u00e1n una experiencia c\u00f3moda.<\/p>\n<p>La mochila tiene cierre de cremallera, dos bolsillos interiores y un bolsillo grande para el port\u00e1til de 13\u2033.<\/p>\n<p><strong>Medidas<\/strong><\/p>\n<p>Altura: 44 cm Anchura: 36 cm<\/p>\n","protected":false},"featured_media":6984,"comment_status":"open","ping_status":"closed","template":"","meta":{"_acf_changed":false},"pwb-brand":[],"product_brand":[],"product_cat":[242],"product_tag":[],"class_list":{"0":"post-7186","1":"product","2":"type-product","3":"status-publish","4":"has-post-thumbnail","6":"product_cat-mochilas-y-mochilas-de-dia","8":"first","9":"instock","10":"taxable","11":"shipping-taxable","12":"purchasable","13":"product-type-simple"},"acf":[],"brands":[],"_links":{"self":[{"href":"https:\/\/nordicbags.eu\/es\/wp-json\/wp\/v2\/product\/7186","targetHints":{"allow":["GET"]}}],"collection":[{"href":"https:\/\/nordicbags.eu\/es\/wp-json\/wp\/v2\/product"}],"about":[{"href":"https:\/\/nordicbags.eu\/es\/wp-json\/wp\/v2\/types\/product"}],"replies":[{"embeddable":true,"href":"https:\/\/nordicbags.eu\/es\/wp-json\/wp\/v2\/comments?post=7186"}],"wp:featuredmedia":[{"embeddable":true,"href":"https:\/\/nordicbags.eu\/es\/wp-json\/wp\/v2\/media\/6984"}],"wp:attachment":[{"href":"https:\/\/nordicbags.eu\/es\/wp-json\/wp\/v2\/media?parent=7186"}],"wp:term":[{"taxonomy":"pwb-brand","embeddable":true,"href":"https:\/\/nordicbags.eu\/es\/wp-json\/wp\/v2\/pwb-brand?post=7186"},{"taxonomy":"product_brand","embeddable":true,"href":"https:\/\/nordicbags.eu\/es\/wp-json\/wp\/v2\/product_brand?post=7186"},{"taxonomy":"product_cat","embeddable":true,"href":"https:\/\/nordicbags.eu\/es\/wp-json\/wp\/v2\/product_cat?post=7186"},{"taxonomy":"product_tag","embeddable":true,"href":"https:\/\/nordicbags.eu\/es\/wp-json\/wp\/v2\/product_tag?post=7186"}],"curies":[{"name":"wp","href":"https:\/\/api.w.org\/{rel}","templated":true}]}}

Mochila &#8211; Montañas Azules

<p>Haz tu día a día más fácil con la mochila BLUE MOUNTAINS, una mochila minimalista y ligera perfecta para llevar al parque, a la oficina o a donde te lleve el día. Este elegante bolso estampado te hará destacar y te proporcionará espacio suficiente para guardar tus objetos de uso diario.</p>
<p><strong>Material:</strong></p>
<p><strong>Parte superior</strong>: tejido de terciopelo con diseño MUNI «Montañas Bue». <strong>Parte inferior:</strong> poliéster resistente impermeable en azul marino. <strong>Forro:</strong> tejido en negro.</p>
<p>Dos correas ajustables para los hombros garantizarán una experiencia cómoda.</p>
<p>La mochila tiene cierre de cremallera, dos bolsillos interiores y un bolsillo grande para el portátil de 13″.</p>
<p><strong>Medidas</strong></p>
<p>Altura: 44 cm Anchura: 36 cm</p>
