{"id":7207,"date":"2024-02-08T10:34:56","date_gmt":"2024-02-08T10:34:56","guid":{"rendered":"https:\/\/nordicbags.eu\/mochila-stockholm-negra\/"},"modified":"2025-05-30T03:33:05","modified_gmt":"2025-05-30T03:33:05","slug":"mochila-stockholm-negra","status":"publish","type":"product","link":"https:\/\/nordicbags.eu\/es\/producto\/mochila-stockholm-negra\/","title":{"rendered":"Mochila Stockholm &#8211; Negra"},"content":{"rendered":"","protected":false},"excerpt":{"rendered":"<p>Nuestra nueva <strong>mochila Stockholm<\/strong> est\u00e1 confeccionada en un tejido duradero e hidr\u00f3fugo y cuenta con nuevos y geniales detalles de piel en diferentes tonos. Todo lo dem\u00e1s sigue tan bien como antes: c\u00f3modos bolsillos y cierre antirrobo (cremallera YKK Quick &amp; Easy Lock System; ), lo que convierte a esta bolsa en la mejor compa\u00f1era de viaje y en una bolsa de recados para todos los d\u00edas. Adem\u00e1s de un gran compartimento con cremallera y un peque\u00f1o bolsillo con cremallera en la parte delantera de la bolsa, hay un compartimento en el interior de la bolsa destinado a un ordenador port\u00e1til, con capacidad para un port\u00e1til de hasta 14 pulgadas. Ll\u00e9vala como mochila o como bolso, \u00a1t\u00fa eliges! Las dimensiones de la mochila son 35 x 35 x 8 cm y pesa 790 gramos.<\/p>\n<p><a href=\"https:\/\/youtu.be\/GW40qrb4dw4\">Vea c\u00f3mo utilizar el candado<\/a>. Es sencillo, te lo prometemos.<\/p>\n<p>Todos los art\u00edculos TOKU est\u00e1n hechos a mano en el sur de Estonia por una peque\u00f1a empresa familiar que lleva fabricando grandes productos desde 1927. Practican la moda lenta utilizando materiales naturales de alta calidad y creando estilos vers\u00e1tiles y duraderos, lo que garantiza que los productos Toku te sirvan durante a\u00f1os.<\/p>\n<ul>\n<li>Dimensiones: 35 x 35 x 8 cm<\/li>\n<li>Peso: 790 g<\/li>\n<li>Fabricante: TOKU<\/li>\n<li>Dise\u00f1ado y fabricado en Estonia, Europa<\/li>\n<\/ul>\n<p>Env\u00edo dentro de la UE: 4-8 d\u00edas laborables. Env\u00edo dentro del B\u00e1ltico y Finlandia: 2-5 d\u00edas laborables.<\/p>\n","protected":false},"featured_media":6948,"comment_status":"open","ping_status":"closed","template":"","meta":{"_acf_changed":false},"pwb-brand":[],"product_brand":[],"product_cat":[242],"product_tag":[],"class_list":{"0":"post-7207","1":"product","2":"type-product","3":"status-publish","4":"has-post-thumbnail","6":"product_cat-mochilas-y-mochilas-de-dia","8":"first","9":"instock","10":"taxable","11":"shipping-taxable","12":"purchasable","13":"product-type-simple"},"acf":[],"brands":[],"_links":{"self":[{"href":"https:\/\/nordicbags.eu\/es\/wp-json\/wp\/v2\/product\/7207","targetHints":{"allow":["GET"]}}],"collection":[{"href":"https:\/\/nordicbags.eu\/es\/wp-json\/wp\/v2\/product"}],"about":[{"href":"https:\/\/nordicbags.eu\/es\/wp-json\/wp\/v2\/types\/product"}],"replies":[{"embeddable":true,"href":"https:\/\/nordicbags.eu\/es\/wp-json\/wp\/v2\/comments?post=7207"}],"wp:featuredmedia":[{"embeddable":true,"href":"https:\/\/nordicbags.eu\/es\/wp-json\/wp\/v2\/media\/6948"}],"wp:attachment":[{"href":"https:\/\/nordicbags.eu\/es\/wp-json\/wp\/v2\/media?parent=7207"}],"wp:term":[{"taxonomy":"pwb-brand","embeddable":true,"href":"https:\/\/nordicbags.eu\/es\/wp-json\/wp\/v2\/pwb-brand?post=7207"},{"taxonomy":"product_brand","embeddable":true,"href":"https:\/\/nordicbags.eu\/es\/wp-json\/wp\/v2\/product_brand?post=7207"},{"taxonomy":"product_cat","embeddable":true,"href":"https:\/\/nordicbags.eu\/es\/wp-json\/wp\/v2\/product_cat?post=7207"},{"taxonomy":"product_tag","embeddable":true,"href":"https:\/\/nordicbags.eu\/es\/wp-json\/wp\/v2\/product_tag?post=7207"}],"curies":[{"name":"wp","href":"https:\/\/api.w.org\/{rel}","templated":true}]}}

<p>Nuestra nueva <strong>mochila Stockholm</strong> está confeccionada en un tejido duradero e hidrófugo y cuenta con nuevos y geniales detalles de piel en diferentes tonos. Todo lo demás sigue tan bien como antes: cómodos bolsillos y cierre antirrobo (cremallera YKK Quick &amp; Easy Lock System; ), lo que convierte a esta bolsa en la mejor compañera de viaje y en una bolsa de recados para todos los días. Además de un gran compartimento con cremallera y un pequeño bolsillo con cremallera en la parte delantera de la bolsa, hay un compartimento en el interior de la bolsa destinado a un ordenador portátil, con capacidad para un portátil de hasta 14 pulgadas. Llévala como mochila o como bolso, ¡tú eliges! Las dimensiones de la mochila son 35 x 35 x 8 cm y pesa 790 gramos.</p>
<p><a href="https://youtu.be/GW40qrb4dw4">Vea cómo utilizar el candado</a>. Es sencillo, te lo prometemos.</p>
<p>Todos los artículos TOKU están hechos a mano en el sur de Estonia por una pequeña empresa familiar que lleva fabricando grandes productos desde 1927. Practican la moda lenta utilizando materiales naturales de alta calidad y creando estilos versátiles y duraderos, lo que garantiza que los productos Toku te sirvan durante años.</p>
<ul>
<li>Dimensiones: 35 x 35 x 8 cm</li>
<li>Peso: 790 g</li>
<li>Fabricante: TOKU</li>
<li>Diseñado y fabricado en Estonia, Europa</li>
</ul>
<p>Envío dentro de la UE: 4-8 días laborables. Envío dentro del Báltico y Finlandia: 2-5 días laborables.</p>
