{"id":8165,"date":"2023-02-27T23:36:30","date_gmt":"2023-02-27T23:36:30","guid":{"rendered":"https:\/\/nordicbags.eu\/alfa-30-matkakott\/"},"modified":"2024-09-15T12:35:00","modified_gmt":"2024-09-15T12:35:00","slug":"alfa-30-matkakott","status":"publish","type":"product","link":"https:\/\/nordicbags.eu\/et\/toode\/alfa-30-matkakott\/","title":{"rendered":"Alfa 30 matkakott"},"content":{"rendered":"","protected":false},"excerpt":{"rendered":"<p><strong>Alfa 30<\/strong> on Matrix Pro matkakott, mida saab kasutada ka igap\u00e4evase seljakotina.<br \/>\nSeega, kui sa ei suuda otsustada, kas osta kvaliteetne matkakott, siis Alfa 30 veenab sind, sest see sobib ka igap\u00e4evaseks kasutamiseks.<br \/>\nKui sa veel ei ole veendunud, siis vaata pilte, kus Riho jalutab Alfa seljas Tartus t\u00e4naval.<br \/>\nEriti h\u00e4sti sobib see kott aga matkamiseks.<br \/>\nVaata pilte, kus Markus on Alfa&#8217;ga \u00fchep\u00e4evasel matkal.<br \/>\nSeljakotil on kaks sisemist s\u00fclearvutitaskut, \u00fcks suurem ja \u00fcks v\u00e4iksem.<br \/>\nLisaks on sees veel \u00fcks v\u00e4iksem lukuga tasku v\u00e4\u00e4rtasjade jaoks.<br \/>\nKoti m\u00f5lemal k\u00fcljel on kaks pikka t\u00f5mblukuga taskut ja p\u00f5hja all on suur t\u00f5mblukuga tasku n\u00e4iteks kingade jaoks.<br \/>\nKoti m\u00fctsiga suletaval \u00fclaosas on veel \u00fcks suur t\u00f5mblukuga tasku.<br \/>\nMatkakottide ja m\u00e4gironimiskottide kategoorias on Matrix Pro maailma absoluutne tipp &#8211; isegi Eesti m\u00e4gironijad <a href=\"https:\/\/en.wikipedia.org\/wiki\/Alar_Sikk\">Alar Sikk<\/a> ja <a href=\"https:\/\/et.wikipedia.org\/wiki\/Andras_Kaasik\">Andras Kaasik<\/a> usaldavad Matrix Pro kotte.<br \/>\nAlfa 30 on valmistatud vastupidavast <a href=\"https:\/\/cordura.com\/find-your-match?utm_source=google_ads&amp;utm_medium=paid_search&amp;utm_campaign=KCM_Cordura_Google_Ads&amp;gclid=Cj0KCQiA9OiPBhCOARIsAI0y71BjY81W_LghIlVO7a-HlKFfQkZemSx0WqP7okuEmfyPgxzzn6m5e6waAp2REALw_wcB&amp;utm_source=google_ads&amp;utm_medium=paid_search&amp;utm_campaign=KCM_Cordura_Google_Ads&amp;gclid=Cj0KCQiA9OiPBhCOARIsAI0y71BjY81W_LghIlVO7a-HlKFfQkZemSx0WqP7okuEmfyPgxzzn6m5e6waAp2REALw_wcB\">Cordura materjalist<\/a> ja on veekindel.<br \/>\nKoti mahutavus on 35 liitrit ja k\u00f5ik \u00f5mblused on kolmekordselt \u00f5mmeldud.<br \/>\nSee kott teenib teid kaua ja teie kadedad s\u00f5brad tahavad peagi sellist kotti.<br \/>\nMe ei pane pahaks, kui sa ei \u00fctle neile, kust sa selle said.<br \/>\nSee kott on musta v\u00e4rvi, sest meile meeldivad mustad asjad, kuid kui soovite seda kotti m\u00f5nes muus v\u00e4rvitoonis, v\u00f5tke meiega \u00fchendust aadressil hello@nordicbags.eu.<br \/>\nLogo v\u00e4rv on samuti sinu valik, see v\u00f5ib olla must mustal, kollane sinisel v\u00f5i valge punasel l\u00f5uendil &#8211; mis iganes sulle k\u00f5ige paremini sobib.               <\/p>\n<ul>\n<li>Valmistatud vastupidavast Cordurast<\/li>\n<li>M\u00f5\u00f5tmed: 15 x 30 x 60 cm.<\/li>\n<li>Mahutavus: 35 liitrit<\/li>\n<li>2 sisetaskut s\u00fclearvuti jaoks<\/li>\n<li>1 v\u00e4iksem lukuga sisetasku v\u00e4\u00e4rtasjadele.<\/li>\n<li>2 pikka t\u00f5mblukuga taskut koti m\u00f5lemal k\u00fcljel<\/li>\n<li>Suur t\u00f5mblukuga tasku p\u00f5hja all<\/li>\n<li>Suur t\u00f5mblukuga tasku koti m\u00fctsiga suletavas \u00fclaosas<\/li>\n<li>Sobib k\u00e4sipagasi jaoks<\/li>\n<li>K\u00e4sitsi valmistatud Eestis<\/li>\n<\/ul>\n","protected":false},"featured_media":8173,"comment_status":"open","ping_status":"closed","template":"","meta":{"_acf_changed":false},"pwb-brand":[361],"product_brand":[],"product_cat":[346,330],"product_tag":[],"class_list":{"0":"post-8165","1":"product","2":"type-product","3":"status-publish","4":"has-post-thumbnail","6":"pwb-brand-matrix-pro-et","7":"product_cat-reisikotid","8":"product_cat-seljakotid-ja-paevakotid","10":"first","11":"instock","12":"taxable","13":"shipping-taxable","14":"purchasable","15":"product-type-simple"},"acf":[],"brands":[{"id":361,"name":"Matrix Pro","slug":"matrix-pro-et"}],"_links":{"self":[{"href":"https:\/\/nordicbags.eu\/et\/wp-json\/wp\/v2\/product\/8165","targetHints":{"allow":["GET"]}}],"collection":[{"href":"https:\/\/nordicbags.eu\/et\/wp-json\/wp\/v2\/product"}],"about":[{"href":"https:\/\/nordicbags.eu\/et\/wp-json\/wp\/v2\/types\/product"}],"replies":[{"embeddable":true,"href":"https:\/\/nordicbags.eu\/et\/wp-json\/wp\/v2\/comments?post=8165"}],"wp:featuredmedia":[{"embeddable":true,"href":"https:\/\/nordicbags.eu\/et\/wp-json\/wp\/v2\/media\/8173"}],"wp:attachment":[{"href":"https:\/\/nordicbags.eu\/et\/wp-json\/wp\/v2\/media?parent=8165"}],"wp:term":[{"taxonomy":"pwb-brand","embeddable":true,"href":"https:\/\/nordicbags.eu\/et\/wp-json\/wp\/v2\/pwb-brand?post=8165"},{"taxonomy":"product_brand","embeddable":true,"href":"https:\/\/nordicbags.eu\/et\/wp-json\/wp\/v2\/product_brand?post=8165"},{"taxonomy":"product_cat","embeddable":true,"href":"https:\/\/nordicbags.eu\/et\/wp-json\/wp\/v2\/product_cat?post=8165"},{"taxonomy":"product_tag","embeddable":true,"href":"https:\/\/nordicbags.eu\/et\/wp-json\/wp\/v2\/product_tag?post=8165"}],"curies":[{"name":"wp","href":"https:\/\/api.w.org\/{rel}","templated":true}]}}

<p><strong>Alfa 30</strong> on Matrix Pro matkakott, mida saab kasutada ka igapäevase seljakotina.<br />
Seega, kui sa ei suuda otsustada, kas osta kvaliteetne matkakott, siis Alfa 30 veenab sind, sest see sobib ka igapäevaseks kasutamiseks.<br />
Kui sa veel ei ole veendunud, siis vaata pilte, kus Riho jalutab Alfa seljas Tartus tänaval.<br />
Eriti hästi sobib see kott aga matkamiseks.<br />
Vaata pilte, kus Markus on Alfa&#8217;ga ühepäevasel matkal.<br />
Seljakotil on kaks sisemist sülearvutitaskut, üks suurem ja üks väiksem.<br />
Lisaks on sees veel üks väiksem lukuga tasku väärtasjade jaoks.<br />
Koti mõlemal küljel on kaks pikka tõmblukuga taskut ja põhja all on suur tõmblukuga tasku näiteks kingade jaoks.<br />
Koti mütsiga suletaval ülaosas on veel üks suur tõmblukuga tasku.<br />
Matkakottide ja mägironimiskottide kategoorias on Matrix Pro maailma absoluutne tipp &#8211; isegi Eesti mägironijad <a href="https://en.wikipedia.org/wiki/Alar_Sikk">Alar Sikk</a> ja <a href="https://et.wikipedia.org/wiki/Andras_Kaasik">Andras Kaasik</a> usaldavad Matrix Pro kotte.<br />
Alfa 30 on valmistatud vastupidavast <a href="https://cordura.com/find-your-match?utm_source=google_ads&amp;utm_medium=paid_search&amp;utm_campaign=KCM_Cordura_Google_Ads&amp;gclid=Cj0KCQiA9OiPBhCOARIsAI0y71BjY81W_LghIlVO7a-HlKFfQkZemSx0WqP7okuEmfyPgxzzn6m5e6waAp2REALw_wcB&amp;utm_source=google_ads&amp;utm_medium=paid_search&amp;utm_campaign=KCM_Cordura_Google_Ads&amp;gclid=Cj0KCQiA9OiPBhCOARIsAI0y71BjY81W_LghIlVO7a-HlKFfQkZemSx0WqP7okuEmfyPgxzzn6m5e6waAp2REALw_wcB">Cordura materjalist</a> ja on veekindel.<br />
Koti mahutavus on 35 liitrit ja kõik õmblused on kolmekordselt õmmeldud.<br />
See kott teenib teid kaua ja teie kadedad sõbrad tahavad peagi sellist kotti.<br />
Me ei pane pahaks, kui sa ei ütle neile, kust sa selle said.<br />
See kott on musta värvi, sest meile meeldivad mustad asjad, kuid kui soovite seda kotti mõnes muus värvitoonis, võtke meiega ühendust aadressil hello@nordicbags.eu.<br />
Logo värv on samuti sinu valik, see võib olla must mustal, kollane sinisel või valge punasel lõuendil &#8211; mis iganes sulle kõige paremini sobib.               </p>
<ul>
<li>Valmistatud vastupidavast Cordurast</li>
<li>Mõõtmed: 15 x 30 x 60 cm.</li>
<li>Mahutavus: 35 liitrit</li>
<li>2 sisetaskut sülearvuti jaoks</li>
<li>1 väiksem lukuga sisetasku väärtasjadele.</li>
<li>2 pikka tõmblukuga taskut koti mõlemal küljel</li>
<li>Suur tõmblukuga tasku põhja all</li>
<li>Suur tõmblukuga tasku koti mütsiga suletavas ülaosas</li>
<li>Sobib käsipagasi jaoks</li>
<li>Käsitsi valmistatud Eestis</li>
</ul>
