{"id":8188,"date":"2023-02-28T06:22:55","date_gmt":"2023-02-28T06:22:55","guid":{"rendered":"https:\/\/nordicbags.eu\/taktikaline-seljakott-019-roheline\/"},"modified":"2023-02-28T06:22:55","modified_gmt":"2023-02-28T06:22:55","slug":"taktikaline-seljakott-019-roheline","status":"publish","type":"product","link":"https:\/\/nordicbags.eu\/et\/toode\/taktikaline-seljakott-019-roheline\/","title":{"rendered":"Taktikaline seljakott 019 &#8211; roheline"},"content":{"rendered":"","protected":false},"excerpt":{"rendered":"<p>Tutvustame <strong>019 taktikalist seljakotti<\/strong>, mis on Galvi-Linda patrullkottide sarja uusim t\u00e4iendus.<br \/>\nSee s\u00f5jalise otstarbega seljakott on m\u00f5eldud k\u00f5ige keerulisemates tingimustes kasutamiseks.<br \/>\nSee on valmistatud <a href=\"https:\/\/www.canvasetc.com\/explanation-cordura-fabric\/\">Cordura<\/a> materjalist, mis on tuntud oma vastupidavuse ja kulumiskindluse poolest.<br \/>\nSeljakoti esipaneelil on kaks suurt v\u00e4listaskut, mis pakuvad piisavalt ruumi k\u00f5igile olulistele asjadele.<br \/>\nKoti p\u00f5hitasku avaneb t\u00e4ielikult, mis v\u00f5imaldab teil oma varustust h\u00f5lpsasti pakkida ja sellele ligi p\u00e4\u00e4seda, mist\u00f5ttu on see ideaalne valik v\u00e4litegevuseks v\u00f5i reisikoti seljakotiks.<br \/>\n35-liitrise mahutavusega seljakott pakub piisavalt ruumi k\u00f5igile vajalikele asjadele.<br \/>\nLisaks saab <a href=\"https:\/\/www.511tactical.com\/how-does-molle-work\">Molle-s\u00fcsteemi<\/a> abil 35-liitrist mahtu h\u00f5lpsasti laiendada, lisades lisatarvikuid, mis annab sulle vabaduse kanda kaasas veelgi rohkem varustust.<br \/>\nSeljakoti seljaosa ja ergonoomilised \u00f5larihmad on polsterdatud, tagades, et saate oma varustust mugavalt kanda ka pikematel vahemaadel.<br \/>\nSeljakotil on ka reguleeritav ja eemaldatav puusatugi, mis annab lisastabiilsust ja mugavust.<br \/>\nLisaks on seljakotil kandek\u00e4epide, mis h\u00f5lbustab transportimist ja tagab kiire juurdep\u00e4\u00e4su seljakotile, kui seda k\u00f5ige rohkem vajate.<br \/>\nT\u00e4iendava mugavuse tagamiseks on seljakott varustatud eemaldatava vihmakattega, mis asub koti p\u00f5hja all asuvas t\u00f5mblukuga sahtlis, tagades, et teie varustus j\u00e4\u00e4b kuivaks ka k\u00f5ige tugevama vihma korral.<br \/>\nSee omadus muudab seljakoti ideaalseks v\u00e4litegevuseks, telkimiseks v\u00f5i reisimiseks igasugustes ilmastikutingimustes.<br \/>\nSeljakott 019 on ehitatud kestma ning see on disainitud ja valmistatud Eestis, tagades k\u00f5rgeima kvaliteedi ja t\u00e4helepanu detailidele.<br \/>\nNii et olenemata sellest, kas sa l\u00e4hed missioonile v\u00f5i alustad seiklust, on 019 seljakott parim valik k\u00f5igile, kes otsivad vastupidavust, funktsionaalsust ja stiili.             <\/p>\n<ul>\n<li>Valmistatud vastupidavast Cordurast<\/li>\n<li>V\u00e4rv: s\u00f5jav\u00e4e roheline<\/li>\n<li>M\u00f5\u00f5tmed: 28 cm x 50 cm x 24 cm<\/li>\n<li>Mahutavus: 35 liitrit<\/li>\n<li>Tarnija sertifikaadid: <a href=\"https:\/\/www.iso.org\/standard\/62085.html\">ISO 9001:2015<\/a>\n  <\/li>\n<li>Disainitud ja valmistatud Eestis<\/li>\n<\/ul>\n","protected":false},"featured_media":8193,"comment_status":"open","ping_status":"closed","template":"","meta":{"_acf_changed":false},"pwb-brand":[360],"product_brand":[],"product_cat":[358,330],"product_tag":[],"class_list":{"0":"post-8188","1":"product","2":"type-product","3":"status-publish","4":"has-post-thumbnail","6":"pwb-brand-galvi-linda-et","7":"product_cat-militaar-seljakotid","8":"product_cat-seljakotid-ja-paevakotid","9":"product_shipping_class-tavaline","11":"first","12":"instock","13":"taxable","14":"shipping-taxable","15":"purchasable","16":"product-type-simple"},"acf":[],"brands":[{"id":360,"name":"Galvi-Linda","slug":"galvi-linda-et"}],"_links":{"self":[{"href":"https:\/\/nordicbags.eu\/et\/wp-json\/wp\/v2\/product\/8188","targetHints":{"allow":["GET"]}}],"collection":[{"href":"https:\/\/nordicbags.eu\/et\/wp-json\/wp\/v2\/product"}],"about":[{"href":"https:\/\/nordicbags.eu\/et\/wp-json\/wp\/v2\/types\/product"}],"replies":[{"embeddable":true,"href":"https:\/\/nordicbags.eu\/et\/wp-json\/wp\/v2\/comments?post=8188"}],"wp:featuredmedia":[{"embeddable":true,"href":"https:\/\/nordicbags.eu\/et\/wp-json\/wp\/v2\/media\/8193"}],"wp:attachment":[{"href":"https:\/\/nordicbags.eu\/et\/wp-json\/wp\/v2\/media?parent=8188"}],"wp:term":[{"taxonomy":"pwb-brand","embeddable":true,"href":"https:\/\/nordicbags.eu\/et\/wp-json\/wp\/v2\/pwb-brand?post=8188"},{"taxonomy":"product_brand","embeddable":true,"href":"https:\/\/nordicbags.eu\/et\/wp-json\/wp\/v2\/product_brand?post=8188"},{"taxonomy":"product_cat","embeddable":true,"href":"https:\/\/nordicbags.eu\/et\/wp-json\/wp\/v2\/product_cat?post=8188"},{"taxonomy":"product_tag","embeddable":true,"href":"https:\/\/nordicbags.eu\/et\/wp-json\/wp\/v2\/product_tag?post=8188"}],"curies":[{"name":"wp","href":"https:\/\/api.w.org\/{rel}","templated":true}]}}

<p>Tutvustame <strong>019 taktikalist seljakotti</strong>, mis on Galvi-Linda patrullkottide sarja uusim täiendus.<br />
See sõjalise otstarbega seljakott on mõeldud kõige keerulisemates tingimustes kasutamiseks.<br />
See on valmistatud <a href="https://www.canvasetc.com/explanation-cordura-fabric/">Cordura</a> materjalist, mis on tuntud oma vastupidavuse ja kulumiskindluse poolest.<br />
Seljakoti esipaneelil on kaks suurt välistaskut, mis pakuvad piisavalt ruumi kõigile olulistele asjadele.<br />
Koti põhitasku avaneb täielikult, mis võimaldab teil oma varustust hõlpsasti pakkida ja sellele ligi pääseda, mistõttu on see ideaalne valik välitegevuseks või reisikoti seljakotiks.<br />
35-liitrise mahutavusega seljakott pakub piisavalt ruumi kõigile vajalikele asjadele.<br />
Lisaks saab <a href="https://www.511tactical.com/how-does-molle-work">Molle-süsteemi</a> abil 35-liitrist mahtu hõlpsasti laiendada, lisades lisatarvikuid, mis annab sulle vabaduse kanda kaasas veelgi rohkem varustust.<br />
Seljakoti seljaosa ja ergonoomilised õlarihmad on polsterdatud, tagades, et saate oma varustust mugavalt kanda ka pikematel vahemaadel.<br />
Seljakotil on ka reguleeritav ja eemaldatav puusatugi, mis annab lisastabiilsust ja mugavust.<br />
Lisaks on seljakotil kandekäepide, mis hõlbustab transportimist ja tagab kiire juurdepääsu seljakotile, kui seda kõige rohkem vajate.<br />
Täiendava mugavuse tagamiseks on seljakott varustatud eemaldatava vihmakattega, mis asub koti põhja all asuvas tõmblukuga sahtlis, tagades, et teie varustus jääb kuivaks ka kõige tugevama vihma korral.<br />
See omadus muudab seljakoti ideaalseks välitegevuseks, telkimiseks või reisimiseks igasugustes ilmastikutingimustes.<br />
Seljakott 019 on ehitatud kestma ning see on disainitud ja valmistatud Eestis, tagades kõrgeima kvaliteedi ja tähelepanu detailidele.<br />
Nii et olenemata sellest, kas sa lähed missioonile või alustad seiklust, on 019 seljakott parim valik kõigile, kes otsivad vastupidavust, funktsionaalsust ja stiili.             </p>
<ul>
<li>Valmistatud vastupidavast Cordurast</li>
<li>Värv: sõjaväe roheline</li>
<li>Mõõtmed: 28 cm x 50 cm x 24 cm</li>
<li>Mahutavus: 35 liitrit</li>
<li>Tarnija sertifikaadid: <a href="https://www.iso.org/standard/62085.html">ISO 9001:2015</a>
  </li>
<li>Disainitud ja valmistatud Eestis</li>
</ul>
