{"id":8231,"date":"2023-02-28T06:23:55","date_gmt":"2023-02-28T06:23:55","guid":{"rendered":"https:\/\/nordicbags.eu\/seljakott-063-camo\/"},"modified":"2023-02-28T06:23:55","modified_gmt":"2023-02-28T06:23:55","slug":"seljakott-063-camo","status":"publish","type":"product","link":"https:\/\/nordicbags.eu\/et\/toode\/seljakott-063-camo\/","title":{"rendered":"Seljakott 063 &#8211; Camo"},"content":{"rendered":"","protected":false},"excerpt":{"rendered":"<p><strong>Galvi-Linda seljakott 063<\/strong> on \u00fclim s\u00f5jalise klassi seljakott igaks seikluseks v\u00f5i olukorraks.<br \/>\nSee v\u00e4ga vastupidavast <a href=\"https:\/\/foxa.fi\/en\/products\/foxdura-1000-kpul\">Foxdura<\/a> materjalist valmistatud seljakott on loodud vastu pidama ka k\u00f5ige keerulisemates tingimustes.<br \/>\nGalvi-Linda seljakott 063 on varustatud kahe suure eraldiseisva kambriga ja kahe v\u00e4ikese eraldiseisva kambriga ees, mis pakub piisavalt ruumi k\u00f5igile olulistele asjadele.<br \/>\nSuured lahtrid avanevad l\u00f5puni, tehes pakkimise ja ligip\u00e4\u00e4su oma esemetele uskumatult mugavaks.<br \/>\nKas te l\u00e4hete matkale v\u00f5i n\u00e4dalavahetuse reisile v\u00f5i vajate usaldusv\u00e4\u00e4rset seljakotti igap\u00e4evaseks t\u00f6\u00f6les\u00f5iduks, Galvi-Linda seljakott 063 katab teid.<br \/>\nSee kott on disainitud nii, et see on tugev ja vastupidav, tagades, et see saab hakkama k\u00f5igega, mida elu sulle ette heidab.<br \/>\nKuid \u00e4rge uskuge ainult meie s\u00f5na.<br \/>\nHertwill&#8217;i meeskonna liikmed Roland ja Joosep kasutavad seda seljakotti igap\u00e4evaselt k\u00f5ige jaoks alates s\u00fclearvutist kuni j\u00f5usaalivarustuseni.<br \/>\nSeega v\u00f5id kindel olla, et see seljakott mahutab mugavalt k\u00f5ik sinu olulised esemed.<br \/>\nOle valmis Galvi-Linda seljakotiga 063 vastu v\u00f5tma iga v\u00e4ljakutse.           <\/p>\n<ul>\n<li>Valmistatud vastupidavast Foxdura materjalist<\/li>\n<li>V\u00e4rv: Eesti relvaj\u00f5udude digitaalne kamuflaa\u017e<\/li>\n<li>M\u00f5\u00f5tmed: 28 cm x 50 cm x 24 cm<\/li>\n<li>Mahutavus: 35 l<\/li>\n<li>Tarnija sertifikaadid: <a href=\"https:\/\/www.iso.org\/standard\/62085.html\">ISO 9001:2015<\/a>\n  <\/li>\n<li>Disainitud ja valmistatud Eestis<\/li>\n<\/ul>\n","protected":false},"featured_media":8237,"comment_status":"open","ping_status":"closed","template":"","meta":{"_acf_changed":false},"pwb-brand":[360],"product_brand":[],"product_cat":[358,346,330],"product_tag":[],"class_list":{"0":"post-8231","1":"product","2":"type-product","3":"status-publish","4":"has-post-thumbnail","6":"pwb-brand-galvi-linda-et","7":"product_cat-militaar-seljakotid","8":"product_cat-reisikotid","9":"product_cat-seljakotid-ja-paevakotid","10":"product_shipping_class-tavaline","12":"first","13":"outofstock","14":"taxable","15":"shipping-taxable","16":"purchasable","17":"product-type-simple"},"acf":[],"brands":[{"id":360,"name":"Galvi-Linda","slug":"galvi-linda-et"}],"_links":{"self":[{"href":"https:\/\/nordicbags.eu\/et\/wp-json\/wp\/v2\/product\/8231","targetHints":{"allow":["GET"]}}],"collection":[{"href":"https:\/\/nordicbags.eu\/et\/wp-json\/wp\/v2\/product"}],"about":[{"href":"https:\/\/nordicbags.eu\/et\/wp-json\/wp\/v2\/types\/product"}],"replies":[{"embeddable":true,"href":"https:\/\/nordicbags.eu\/et\/wp-json\/wp\/v2\/comments?post=8231"}],"wp:featuredmedia":[{"embeddable":true,"href":"https:\/\/nordicbags.eu\/et\/wp-json\/wp\/v2\/media\/8237"}],"wp:attachment":[{"href":"https:\/\/nordicbags.eu\/et\/wp-json\/wp\/v2\/media?parent=8231"}],"wp:term":[{"taxonomy":"pwb-brand","embeddable":true,"href":"https:\/\/nordicbags.eu\/et\/wp-json\/wp\/v2\/pwb-brand?post=8231"},{"taxonomy":"product_brand","embeddable":true,"href":"https:\/\/nordicbags.eu\/et\/wp-json\/wp\/v2\/product_brand?post=8231"},{"taxonomy":"product_cat","embeddable":true,"href":"https:\/\/nordicbags.eu\/et\/wp-json\/wp\/v2\/product_cat?post=8231"},{"taxonomy":"product_tag","embeddable":true,"href":"https:\/\/nordicbags.eu\/et\/wp-json\/wp\/v2\/product_tag?post=8231"}],"curies":[{"name":"wp","href":"https:\/\/api.w.org\/{rel}","templated":true}]}}

<p><strong>Galvi-Linda seljakott 063</strong> on ülim sõjalise klassi seljakott igaks seikluseks või olukorraks.<br />
See väga vastupidavast <a href="https://foxa.fi/en/products/foxdura-1000-kpul">Foxdura</a> materjalist valmistatud seljakott on loodud vastu pidama ka kõige keerulisemates tingimustes.<br />
Galvi-Linda seljakott 063 on varustatud kahe suure eraldiseisva kambriga ja kahe väikese eraldiseisva kambriga ees, mis pakub piisavalt ruumi kõigile olulistele asjadele.<br />
Suured lahtrid avanevad lõpuni, tehes pakkimise ja ligipääsu oma esemetele uskumatult mugavaks.<br />
Kas te lähete matkale või nädalavahetuse reisile või vajate usaldusväärset seljakotti igapäevaseks töölesõiduks, Galvi-Linda seljakott 063 katab teid.<br />
See kott on disainitud nii, et see on tugev ja vastupidav, tagades, et see saab hakkama kõigega, mida elu sulle ette heidab.<br />
Kuid ärge uskuge ainult meie sõna.<br />
Hertwill&#8217;i meeskonna liikmed Roland ja Joosep kasutavad seda seljakotti igapäevaselt kõige jaoks alates sülearvutist kuni jõusaalivarustuseni.<br />
Seega võid kindel olla, et see seljakott mahutab mugavalt kõik sinu olulised esemed.<br />
Ole valmis Galvi-Linda seljakotiga 063 vastu võtma iga väljakutse.           </p>
<ul>
<li>Valmistatud vastupidavast Foxdura materjalist</li>
<li>Värv: Eesti relvajõudude digitaalne kamuflaaž</li>
<li>Mõõtmed: 28 cm x 50 cm x 24 cm</li>
<li>Mahutavus: 35 l</li>
<li>Tarnija sertifikaadid: <a href="https://www.iso.org/standard/62085.html">ISO 9001:2015</a>
  </li>
<li>Disainitud ja valmistatud Eestis</li>
</ul>
