{"id":8380,"date":"2024-02-08T10:35:30","date_gmt":"2024-02-08T10:35:30","guid":{"rendered":"https:\/\/nordicbags.eu\/olakott-luce-lilla\/"},"modified":"2024-02-08T10:35:30","modified_gmt":"2024-02-08T10:35:30","slug":"olakott-luce-lilla","status":"publish","type":"product","link":"https:\/\/nordicbags.eu\/et\/toode\/olakott-luce-lilla\/","title":{"rendered":"\u00d5lakott Luce &#8211; Lilla"},"content":{"rendered":"","protected":false},"excerpt":{"rendered":"<p>K\u00e4sitsi valmistatud \u00f5lakott <strong>Luce<\/strong> <strong>Gerda Retterilt.<\/strong> Kott on valmistatud ehtsast nahast Hispaaniast.<br \/>\nKotil on kaks reguleeritavat rihmavarianti (vali endale sobiv) ja magnetiline sulgemine.<br \/>\nSisek\u00fcljel on t\u00f5mblukuga m\u00fcnditasku.  <\/p>\n<p>Gerda Retter on Eesti aksessuaaridisainer, kes l\u00f5i oma br\u00e4ndi 2016. aastal Tartu K\u00f5rgemas Kunstikoolis nahadisaini erialal \u00f5ppides.<br \/>\nLisaks on Gerda \u00f5ppinud aksessuaaridisaini meistrite juhendamisel nii Itaalias kui ka Ungaris.   <strong>Gerda oli nomineeritud 2015. aastal Hongkongi Design-a-Bag konkursil ja on olnud mitu aastat nomineeritud Eesti Disainiauhinna BRUNO auhinnale.<\/strong><\/p>\n<ul>\n<li>Suurus: 17 cm x 17 cm x 9 cm<\/li>\n<li>Pikk ja \u00f5huke rihm: 100-136 cm<\/li>\n<li>L\u00fchike ja lai eemaldatav rihm: 87-96 cm<\/li>\n<li>Materjal: kvaliteetne Hispaania nahk<\/li>\n<li>Disainitud ja k\u00e4sitsi valmistatud Eestis<\/li>\n<\/ul>\n","protected":false},"featured_media":8401,"comment_status":"open","ping_status":"closed","template":"","meta":{"_acf_changed":false},"pwb-brand":[],"product_brand":[],"product_cat":[344],"product_tag":[],"class_list":{"0":"post-8380","1":"product","2":"type-product","3":"status-publish","4":"has-post-thumbnail","6":"product_cat-olakotid","8":"first","9":"outofstock","10":"taxable","11":"shipping-taxable","12":"purchasable","13":"product-type-variable"},"acf":[],"brands":[],"_links":{"self":[{"href":"https:\/\/nordicbags.eu\/et\/wp-json\/wp\/v2\/product\/8380","targetHints":{"allow":["GET"]}}],"collection":[{"href":"https:\/\/nordicbags.eu\/et\/wp-json\/wp\/v2\/product"}],"about":[{"href":"https:\/\/nordicbags.eu\/et\/wp-json\/wp\/v2\/types\/product"}],"replies":[{"embeddable":true,"href":"https:\/\/nordicbags.eu\/et\/wp-json\/wp\/v2\/comments?post=8380"}],"wp:featuredmedia":[{"embeddable":true,"href":"https:\/\/nordicbags.eu\/et\/wp-json\/wp\/v2\/media\/8401"}],"wp:attachment":[{"href":"https:\/\/nordicbags.eu\/et\/wp-json\/wp\/v2\/media?parent=8380"}],"wp:term":[{"taxonomy":"pwb-brand","embeddable":true,"href":"https:\/\/nordicbags.eu\/et\/wp-json\/wp\/v2\/pwb-brand?post=8380"},{"taxonomy":"product_brand","embeddable":true,"href":"https:\/\/nordicbags.eu\/et\/wp-json\/wp\/v2\/product_brand?post=8380"},{"taxonomy":"product_cat","embeddable":true,"href":"https:\/\/nordicbags.eu\/et\/wp-json\/wp\/v2\/product_cat?post=8380"},{"taxonomy":"product_tag","embeddable":true,"href":"https:\/\/nordicbags.eu\/et\/wp-json\/wp\/v2\/product_tag?post=8380"}],"curies":[{"name":"wp","href":"https:\/\/api.w.org\/{rel}","templated":true}]}}

Õlakott Luce &#8211; Lilla

<p>Käsitsi valmistatud õlakott <strong>Luce</strong> <strong>Gerda Retterilt.</strong> Kott on valmistatud ehtsast nahast Hispaaniast.<br />
Kotil on kaks reguleeritavat rihmavarianti (vali endale sobiv) ja magnetiline sulgemine.<br />
Siseküljel on tõmblukuga münditasku.  </p>
<p>Gerda Retter on Eesti aksessuaaridisainer, kes lõi oma brändi 2016. aastal Tartu Kõrgemas Kunstikoolis nahadisaini erialal õppides.<br />
Lisaks on Gerda õppinud aksessuaaridisaini meistrite juhendamisel nii Itaalias kui ka Ungaris.   <strong>Gerda oli nomineeritud 2015. aastal Hongkongi Design-a-Bag konkursil ja on olnud mitu aastat nomineeritud Eesti Disainiauhinna BRUNO auhinnale.</strong></p>
<ul>
<li>Suurus: 17 cm x 17 cm x 9 cm</li>
<li>Pikk ja õhuke rihm: 100-136 cm</li>
<li>Lühike ja lai eemaldatav rihm: 87-96 cm</li>
<li>Materjal: kvaliteetne Hispaania nahk</li>
<li>Disainitud ja käsitsi valmistatud Eestis</li>
</ul>
