{"id":8399,"date":"2024-02-14T09:31:29","date_gmt":"2024-02-14T09:31:29","guid":{"rendered":"https:\/\/nordicbags.eu\/holar-ilmastikukindel-seljakott\/"},"modified":"2024-02-14T09:31:29","modified_gmt":"2024-02-14T09:31:29","slug":"holar-ilmastikukindel-seljakott","status":"publish","type":"product","link":"https:\/\/nordicbags.eu\/et\/toode\/holar-ilmastikukindel-seljakott\/","title":{"rendered":"H\u00d8LAR ilmastikukindel seljakott"},"content":{"rendered":"","protected":false},"excerpt":{"rendered":"<p>Tutvustame <strong>Nordhale H\u00d8LAR Unisex ilmastikukindlat seljakotti<\/strong>, kus stiil kohtub funktsionaalsusega.<br \/>\nSee kahes suuruses saadaval olev stiilne ja minimalistlik seljakott on algul ruumikas ja t\u00e4nu oma ainulaadsele disainile saab seda laiendada.<br \/>\nTopeltlukuga avanevast topeltlukustikust avaneb ruumikas p\u00f5hikamber, kus on 13-tollise s\u00fclearvuti \u00fcmbris, mitu v\u00e4ikest taskut ja mugav D-loop v\u00f5tmete jaoks.<br \/>\nLisamugavuse tagamiseks on seljakotil t\u00f5mblukuga k\u00fcljetasku kiiresti k\u00e4ttesaadavate esemete jaoks, tugev kandek\u00e4epide ja reguleeritavate rihmadega polsterdatud seljapaneel, mis tagab mugavuse liikvel olles.<br \/>\nSee on teie sobiv aksessuaar nii linnas liiklemiseks kui ka v\u00e4liseiklusteks.    <\/p>\n<p><strong>Nordhale&#8217;i kohta:<\/strong> Nordhale valib liialduse ajastul lihtsuse.<br \/>\n2016. aastal asutatud ettev\u00f5te keskendub pigem kvaliteedile kui kvantiteedile, j\u00e4rgides minimalismi ja j\u00e4tkusuutlikkust.<br \/>\nIga Nordhale&#8217;i kollektsiooni ese on k\u00e4sitsi valmistatud koost\u00f6\u00f6s kohalike k\u00e4sit\u00f6\u00f6listega, t\u00e4histades unikaalset ja ajatut disaini.<br \/>\nMeie kotid on valmistatud valdavalt taaskasutatud vildist, mist\u00f5ttu ei ole need mitte ainult vastupidavad ja vetth\u00fclgavad, vaid ka kerged.<br \/>\n&#8220;Aeglase moe&#8221; pooldajatena pakume 2-aastast garantiid, mis kinnitab meie p\u00fchendumust kvaliteedile ja ehtsusele.    <\/p>\n<p><strong>H\u00d8LARi seljakoti omadused<\/strong><\/p>\n<ul>\n<li>Vetth\u00fclgav pol\u00fcester<\/li>\n<li>Ilmastikukindel<\/li>\n<li>100% k\u00e4sitsi valmistatud Eestis<\/li>\n<li>Kahekordne t\u00f5mblukuga \u00fclemine avaus<\/li>\n<li>Sisemine s\u00fclearvuti tasku<\/li>\n<li>Veekindel k\u00fclgmine t\u00f5mblukuga tasku<\/li>\n<li>Keskkonnas\u00f5bralik pakend<\/li>\n<\/ul>\n<p><strong>H\u00d8LAR Large:<\/strong><\/p>\n<p>Mahutavus: 25L-28L Sisemine tasku 16&#8243; s\u00fclearvuti jaoks M\u00f5\u00f5tmed: B 40 x K 53 x S 12 cm<\/p>\n<p><strong>H\u00d8LAR Small:<\/strong><\/p>\n<p>Mahutavus: 17L-19L Sisemine tasku 13&#8243; s\u00fclearvuti jaoks M\u00f5\u00f5tmed: B 37 x K 43 x S 11 cm<\/p>\n","protected":false},"featured_media":8421,"comment_status":"open","ping_status":"closed","template":"","meta":{"_acf_changed":false},"pwb-brand":[],"product_brand":[],"product_cat":[330],"product_tag":[],"class_list":{"0":"post-8399","1":"product","2":"type-product","3":"status-publish","4":"has-post-thumbnail","6":"product_cat-seljakotid-ja-paevakotid","8":"first","9":"instock","10":"taxable","11":"shipping-taxable","12":"purchasable","13":"product-type-variable"},"acf":[],"brands":[],"_links":{"self":[{"href":"https:\/\/nordicbags.eu\/et\/wp-json\/wp\/v2\/product\/8399","targetHints":{"allow":["GET"]}}],"collection":[{"href":"https:\/\/nordicbags.eu\/et\/wp-json\/wp\/v2\/product"}],"about":[{"href":"https:\/\/nordicbags.eu\/et\/wp-json\/wp\/v2\/types\/product"}],"replies":[{"embeddable":true,"href":"https:\/\/nordicbags.eu\/et\/wp-json\/wp\/v2\/comments?post=8399"}],"wp:featuredmedia":[{"embeddable":true,"href":"https:\/\/nordicbags.eu\/et\/wp-json\/wp\/v2\/media\/8421"}],"wp:attachment":[{"href":"https:\/\/nordicbags.eu\/et\/wp-json\/wp\/v2\/media?parent=8399"}],"wp:term":[{"taxonomy":"pwb-brand","embeddable":true,"href":"https:\/\/nordicbags.eu\/et\/wp-json\/wp\/v2\/pwb-brand?post=8399"},{"taxonomy":"product_brand","embeddable":true,"href":"https:\/\/nordicbags.eu\/et\/wp-json\/wp\/v2\/product_brand?post=8399"},{"taxonomy":"product_cat","embeddable":true,"href":"https:\/\/nordicbags.eu\/et\/wp-json\/wp\/v2\/product_cat?post=8399"},{"taxonomy":"product_tag","embeddable":true,"href":"https:\/\/nordicbags.eu\/et\/wp-json\/wp\/v2\/product_tag?post=8399"}],"curies":[{"name":"wp","href":"https:\/\/api.w.org\/{rel}","templated":true}]}}

HØLAR ilmastikukindel seljakott

<p>Tutvustame <strong>Nordhale HØLAR Unisex ilmastikukindlat seljakotti</strong>, kus stiil kohtub funktsionaalsusega.<br />
See kahes suuruses saadaval olev stiilne ja minimalistlik seljakott on algul ruumikas ja tänu oma ainulaadsele disainile saab seda laiendada.<br />
Topeltlukuga avanevast topeltlukustikust avaneb ruumikas põhikamber, kus on 13-tollise sülearvuti ümbris, mitu väikest taskut ja mugav D-loop võtmete jaoks.<br />
Lisamugavuse tagamiseks on seljakotil tõmblukuga küljetasku kiiresti kättesaadavate esemete jaoks, tugev kandekäepide ja reguleeritavate rihmadega polsterdatud seljapaneel, mis tagab mugavuse liikvel olles.<br />
See on teie sobiv aksessuaar nii linnas liiklemiseks kui ka väliseiklusteks.    </p>
<p><strong>Nordhale&#8217;i kohta:</strong> Nordhale valib liialduse ajastul lihtsuse.<br />
2016. aastal asutatud ettevõte keskendub pigem kvaliteedile kui kvantiteedile, järgides minimalismi ja jätkusuutlikkust.<br />
Iga Nordhale&#8217;i kollektsiooni ese on käsitsi valmistatud koostöös kohalike käsitöölistega, tähistades unikaalset ja ajatut disaini.<br />
Meie kotid on valmistatud valdavalt taaskasutatud vildist, mistõttu ei ole need mitte ainult vastupidavad ja vetthülgavad, vaid ka kerged.<br />
&#8220;Aeglase moe&#8221; pooldajatena pakume 2-aastast garantiid, mis kinnitab meie pühendumust kvaliteedile ja ehtsusele.    </p>
<p><strong>HØLARi seljakoti omadused</strong></p>
<ul>
<li>Vetthülgav polüester</li>
<li>Ilmastikukindel</li>
<li>100% käsitsi valmistatud Eestis</li>
<li>Kahekordne tõmblukuga ülemine avaus</li>
<li>Sisemine sülearvuti tasku</li>
<li>Veekindel külgmine tõmblukuga tasku</li>
<li>Keskkonnasõbralik pakend</li>
</ul>
<p><strong>HØLAR Large:</strong></p>
<p>Mahutavus: 25L-28L Sisemine tasku 16&#8243; sülearvuti jaoks Mõõtmed: B 40 x K 53 x S 12 cm</p>
<p><strong>HØLAR Small:</strong></p>
<p>Mahutavus: 17L-19L Sisemine tasku 13&#8243; sülearvuti jaoks Mõõtmed: B 37 x K 43 x S 11 cm</p>
