{"id":8801,"date":"2023-03-08T12:35:35","date_gmt":"2023-03-08T12:35:35","guid":{"rendered":"https:\/\/nordicbags.eu\/vaike-mahkmete-seljakott-espresso\/"},"modified":"2023-03-08T12:35:35","modified_gmt":"2023-03-08T12:35:35","slug":"vaike-mahkmete-seljakott-espresso","status":"publish","type":"product","link":"https:\/\/nordicbags.eu\/et\/toode\/vaike-mahkmete-seljakott-espresso\/","title":{"rendered":"V\u00e4ike m\u00e4hkmete seljakott &#8211; Espresso"},"content":{"rendered":"","protected":false},"excerpt":{"rendered":"<p><strong>V\u00e4ike m\u00e4hkmete seljakott<\/strong> &#8211; Eestis disainitud ja v\u00e4lja t\u00f6\u00f6tatud praktiline kott.<br \/>\nSee kott on nii vastupidav kui ka stiilne ning valmistatud kvaliteetsest PU vegannahast ja YKK t\u00f5mblukkudest.<br \/>\nSelle kompaktne, kuid samas ruumikas disain mahutab kuni 13\u2033 s\u00fclearvuti v\u00f5i tahvelarvuti, mist\u00f5ttu sobib see ideaalselt t\u00f6\u00f6le v\u00f5i reisile.<br \/>\nT\u00e4nu kaasasolevatele lapsevankri rihmadele on see kott parim lahendus lapsevanematele, kes on teel, ning selle mitmed taskud pakuvad piisavalt ruumi k\u00f5igile olulistele asjadele.<br \/>\nSee kott sobib ideaalselt enamiku lennufirmade k\u00e4sipagasi n\u00f5uetega ning on h\u00e4davajalik k\u00f5igile, kes otsivad stiili ja funktsionaalsust.    <\/p>\n<ul>\n<li>M\u00f5\u00f5tmed: 35 \u00d7 26 \u00d7 15 cm<\/li>\n<li>Kaal: 0,8 kg<\/li>\n<li>Mahutab kuni 13\u2033 s\u00fclearvuti v\u00f5i tahvelarvuti<\/li>\n<li>Projekteeritud ja arendatud Eestis<\/li>\n<li>Valmistatud kvaliteetsest PU vegannahast ja vastupidavast YKK t\u00f5mblukust.<\/li>\n<li>M\u00f5eldud nii, et see vastab enamiku lennuettev\u00f5tjate k\u00e4sipagasi n\u00f5uetele.<\/li>\n<li>V\u00e4ga ruumikas &#8211; kuus v\u00e4listaskut ja seitse sisetaskut.<\/li>\n<li>Lapsevankri rihmad on kaasas<\/li>\n<\/ul>\n<p>Laevandus: 3-5 t\u00f6\u00f6p\u00e4eva<\/p>\n","protected":false},"featured_media":8830,"comment_status":"open","ping_status":"closed","template":"","meta":{"_acf_changed":false},"pwb-brand":[352],"product_brand":[],"product_cat":[351],"product_tag":[],"class_list":{"0":"post-8801","1":"product","2":"type-product","3":"status-publish","4":"has-post-thumbnail","6":"pwb-brand-ally-et","7":"product_cat-mahkmekotid","9":"first","10":"instock","11":"taxable","12":"shipping-taxable","13":"purchasable","14":"product-type-simple"},"acf":[],"brands":[{"id":352,"name":"\u00c4lly","slug":"ally-et"}],"_links":{"self":[{"href":"https:\/\/nordicbags.eu\/et\/wp-json\/wp\/v2\/product\/8801","targetHints":{"allow":["GET"]}}],"collection":[{"href":"https:\/\/nordicbags.eu\/et\/wp-json\/wp\/v2\/product"}],"about":[{"href":"https:\/\/nordicbags.eu\/et\/wp-json\/wp\/v2\/types\/product"}],"replies":[{"embeddable":true,"href":"https:\/\/nordicbags.eu\/et\/wp-json\/wp\/v2\/comments?post=8801"}],"wp:featuredmedia":[{"embeddable":true,"href":"https:\/\/nordicbags.eu\/et\/wp-json\/wp\/v2\/media\/8830"}],"wp:attachment":[{"href":"https:\/\/nordicbags.eu\/et\/wp-json\/wp\/v2\/media?parent=8801"}],"wp:term":[{"taxonomy":"pwb-brand","embeddable":true,"href":"https:\/\/nordicbags.eu\/et\/wp-json\/wp\/v2\/pwb-brand?post=8801"},{"taxonomy":"product_brand","embeddable":true,"href":"https:\/\/nordicbags.eu\/et\/wp-json\/wp\/v2\/product_brand?post=8801"},{"taxonomy":"product_cat","embeddable":true,"href":"https:\/\/nordicbags.eu\/et\/wp-json\/wp\/v2\/product_cat?post=8801"},{"taxonomy":"product_tag","embeddable":true,"href":"https:\/\/nordicbags.eu\/et\/wp-json\/wp\/v2\/product_tag?post=8801"}],"curies":[{"name":"wp","href":"https:\/\/api.w.org\/{rel}","templated":true}]}}

Väike mähkmete seljakott &#8211; Espresso

<p><strong>Väike mähkmete seljakott</strong> &#8211; Eestis disainitud ja välja töötatud praktiline kott.<br />
See kott on nii vastupidav kui ka stiilne ning valmistatud kvaliteetsest PU vegannahast ja YKK tõmblukkudest.<br />
Selle kompaktne, kuid samas ruumikas disain mahutab kuni 13″ sülearvuti või tahvelarvuti, mistõttu sobib see ideaalselt tööle või reisile.<br />
Tänu kaasasolevatele lapsevankri rihmadele on see kott parim lahendus lapsevanematele, kes on teel, ning selle mitmed taskud pakuvad piisavalt ruumi kõigile olulistele asjadele.<br />
See kott sobib ideaalselt enamiku lennufirmade käsipagasi nõuetega ning on hädavajalik kõigile, kes otsivad stiili ja funktsionaalsust.    </p>
<ul>
<li>Mõõtmed: 35 × 26 × 15 cm</li>
<li>Kaal: 0,8 kg</li>
<li>Mahutab kuni 13″ sülearvuti või tahvelarvuti</li>
<li>Projekteeritud ja arendatud Eestis</li>
<li>Valmistatud kvaliteetsest PU vegannahast ja vastupidavast YKK tõmblukust.</li>
<li>Mõeldud nii, et see vastab enamiku lennuettevõtjate käsipagasi nõuetele.</li>
<li>Väga ruumikas &#8211; kuus välistaskut ja seitse sisetaskut.</li>
<li>Lapsevankri rihmad on kaasas</li>
</ul>
<p>Laevandus: 3-5 tööpäeva</p>

Älly
