{"id":8900,"date":"2024-02-09T09:21:33","date_gmt":"2024-02-09T09:21:33","guid":{"rendered":"https:\/\/nordicbags.eu\/seljakott-akvarell\/"},"modified":"2025-06-02T14:54:58","modified_gmt":"2025-06-02T14:54:58","slug":"seljakott-akvarell","status":"publish","type":"product","link":"https:\/\/nordicbags.eu\/et\/toode\/seljakott-akvarell\/","title":{"rendered":"Seljakott &#8211; akvarell"},"content":{"rendered":"","protected":false},"excerpt":{"rendered":"<p>L\u00e4hed kontorisse, kuid tahad siiski silma paista?<br \/>\nPINK &#8220;Watercolor&#8221; seljakott on t\u00e4iuslik segu praktilisusest ja m\u00e4ngulisusest.<br \/>\nT\u00e4iuslik igap\u00e4evaseks kasutamiseks, elegantse disaini ja erksate v\u00e4rvide t\u00f5ttu saab iga riietus lisapopi!<br \/>\nNii et mine stiilselt kontorisse v\u00f5i parki!   <\/p>\n<p><strong>Materjal:<\/strong><\/p>\n<p><strong>\u00dclemine osa<\/strong>: samet, millele on tr\u00fckitud MUNI kujundus &#8220;Watercolor&#8221;. <strong>Alumine osa:<\/strong> veekindel tugev pol\u00fcester tumesinises v\u00e4rvitoonis. <strong>Vooder:<\/strong> sinine kangas.<\/p>\n<p>Kaks reguleeritavat \u00f5larihma tagavad mugavuse.<\/p>\n<p>Seljakotil on t\u00f5mblukk, kaks sisetaskut ja suur tasku 13\u2033 s\u00fclearvuti jaoks.<\/p>\n<p><strong>M\u00f5\u00f5tmised<\/strong>:<\/p>\n<p>K\u00f5rgus: 38 cm Laius: 34 cm<\/p>\n","protected":false},"featured_media":8910,"comment_status":"open","ping_status":"closed","template":"","meta":{"_acf_changed":false},"pwb-brand":[],"product_brand":[],"product_cat":[330],"product_tag":[],"class_list":{"0":"post-8900","1":"product","2":"type-product","3":"status-publish","4":"has-post-thumbnail","6":"product_cat-seljakotid-ja-paevakotid","8":"first","9":"instock","10":"taxable","11":"shipping-taxable","12":"purchasable","13":"product-type-simple"},"acf":[],"brands":[],"_links":{"self":[{"href":"https:\/\/nordicbags.eu\/et\/wp-json\/wp\/v2\/product\/8900","targetHints":{"allow":["GET"]}}],"collection":[{"href":"https:\/\/nordicbags.eu\/et\/wp-json\/wp\/v2\/product"}],"about":[{"href":"https:\/\/nordicbags.eu\/et\/wp-json\/wp\/v2\/types\/product"}],"replies":[{"embeddable":true,"href":"https:\/\/nordicbags.eu\/et\/wp-json\/wp\/v2\/comments?post=8900"}],"wp:featuredmedia":[{"embeddable":true,"href":"https:\/\/nordicbags.eu\/et\/wp-json\/wp\/v2\/media\/8910"}],"wp:attachment":[{"href":"https:\/\/nordicbags.eu\/et\/wp-json\/wp\/v2\/media?parent=8900"}],"wp:term":[{"taxonomy":"pwb-brand","embeddable":true,"href":"https:\/\/nordicbags.eu\/et\/wp-json\/wp\/v2\/pwb-brand?post=8900"},{"taxonomy":"product_brand","embeddable":true,"href":"https:\/\/nordicbags.eu\/et\/wp-json\/wp\/v2\/product_brand?post=8900"},{"taxonomy":"product_cat","embeddable":true,"href":"https:\/\/nordicbags.eu\/et\/wp-json\/wp\/v2\/product_cat?post=8900"},{"taxonomy":"product_tag","embeddable":true,"href":"https:\/\/nordicbags.eu\/et\/wp-json\/wp\/v2\/product_tag?post=8900"}],"curies":[{"name":"wp","href":"https:\/\/api.w.org\/{rel}","templated":true}]}}

<p>Lähed kontorisse, kuid tahad siiski silma paista?<br />
PINK &#8220;Watercolor&#8221; seljakott on täiuslik segu praktilisusest ja mängulisusest.<br />
Täiuslik igapäevaseks kasutamiseks, elegantse disaini ja erksate värvide tõttu saab iga riietus lisapopi!<br />
Nii et mine stiilselt kontorisse või parki!   </p>
<p><strong>Materjal:</strong></p>
<p><strong>Ülemine osa</strong>: samet, millele on trükitud MUNI kujundus &#8220;Watercolor&#8221;. <strong>Alumine osa:</strong> veekindel tugev polüester tumesinises värvitoonis. <strong>Vooder:</strong> sinine kangas.</p>
<p>Kaks reguleeritavat õlarihma tagavad mugavuse.</p>
<p>Seljakotil on tõmblukk, kaks sisetaskut ja suur tasku 13″ sülearvuti jaoks.</p>
<p><strong>Mõõtmised</strong>:</p>
<p>Kõrgus: 38 cm Laius: 34 cm</p>
