{"id":8917,"date":"2024-02-09T09:28:39","date_gmt":"2024-02-09T09:28:39","guid":{"rendered":"https:\/\/nordicbags.eu\/veekindel-seljakott-must-vibu\/"},"modified":"2025-05-29T17:13:52","modified_gmt":"2025-05-29T17:13:52","slug":"veekindel-seljakott-must-vibu","status":"publish","type":"product","link":"https:\/\/nordicbags.eu\/et\/toode\/veekindel-seljakott-must-vibu\/","title":{"rendered":"Veekindel seljakott &#8211; must vibu"},"content":{"rendered":"","protected":false},"excerpt":{"rendered":"<p>Selle musta vibukotiga seljakotiga saad kanda endaga kaasas pisut armsat, kuhu iganes sa ka ei l\u00e4heks.<br \/>\nSobib ideaalselt nii t\u00f6\u00f6le kui ka igap\u00e4evaeluks ning on piisavalt vastupidav pargis v\u00f5i matkal k\u00e4imiseks.<br \/>\nLisaks on see veekindel, nii et sinu asjad j\u00e4\u00e4vad kuivaks, \u00fcksk\u00f5ik mis juhtub.<br \/>\n\u00c4ra j\u00e4\u00e4 ilma selle mitmek\u00fclgse ja kauni seljakotita.   <\/p>\n<p><strong>Materjal:  <\/strong><\/p>\n<p>\u00dclemine osa: veekindel tugevast pol\u00fcestrist, musta v\u00e4rvi ja suure vibuga.<br \/>\nAlumine osa: mustast veekindlast tugevast pol\u00fcestrist.<br \/>\nVooder: halli v\u00e4rvi kangas.  <\/p>\n<p>Kaks reguleeritavat \u00f5larihma tagavad mugavuse.<\/p>\n<p>Seljakotil on t\u00f5mblukk, kaks sisetaskut ja suur tasku 13\u2033 s\u00fclearvuti jaoks.<\/p>\n<p><strong>M\u00f5\u00f5tmised<\/strong>:<\/p>\n<p>K\u00f5rgus: 38 cm Laius: 34 cm<\/p>\n","protected":false},"featured_media":8924,"comment_status":"open","ping_status":"closed","template":"","meta":{"_acf_changed":false},"pwb-brand":[],"product_brand":[],"product_cat":[330],"product_tag":[],"class_list":{"0":"post-8917","1":"product","2":"type-product","3":"status-publish","4":"has-post-thumbnail","6":"product_cat-seljakotid-ja-paevakotid","8":"first","9":"outofstock","10":"taxable","11":"shipping-taxable","12":"purchasable","13":"product-type-simple"},"acf":[],"brands":[],"_links":{"self":[{"href":"https:\/\/nordicbags.eu\/et\/wp-json\/wp\/v2\/product\/8917","targetHints":{"allow":["GET"]}}],"collection":[{"href":"https:\/\/nordicbags.eu\/et\/wp-json\/wp\/v2\/product"}],"about":[{"href":"https:\/\/nordicbags.eu\/et\/wp-json\/wp\/v2\/types\/product"}],"replies":[{"embeddable":true,"href":"https:\/\/nordicbags.eu\/et\/wp-json\/wp\/v2\/comments?post=8917"}],"wp:featuredmedia":[{"embeddable":true,"href":"https:\/\/nordicbags.eu\/et\/wp-json\/wp\/v2\/media\/8924"}],"wp:attachment":[{"href":"https:\/\/nordicbags.eu\/et\/wp-json\/wp\/v2\/media?parent=8917"}],"wp:term":[{"taxonomy":"pwb-brand","embeddable":true,"href":"https:\/\/nordicbags.eu\/et\/wp-json\/wp\/v2\/pwb-brand?post=8917"},{"taxonomy":"product_brand","embeddable":true,"href":"https:\/\/nordicbags.eu\/et\/wp-json\/wp\/v2\/product_brand?post=8917"},{"taxonomy":"product_cat","embeddable":true,"href":"https:\/\/nordicbags.eu\/et\/wp-json\/wp\/v2\/product_cat?post=8917"},{"taxonomy":"product_tag","embeddable":true,"href":"https:\/\/nordicbags.eu\/et\/wp-json\/wp\/v2\/product_tag?post=8917"}],"curies":[{"name":"wp","href":"https:\/\/api.w.org\/{rel}","templated":true}]}}

<p>Selle musta vibukotiga seljakotiga saad kanda endaga kaasas pisut armsat, kuhu iganes sa ka ei läheks.<br />
Sobib ideaalselt nii tööle kui ka igapäevaeluks ning on piisavalt vastupidav pargis või matkal käimiseks.<br />
Lisaks on see veekindel, nii et sinu asjad jäävad kuivaks, ükskõik mis juhtub.<br />
Ära jää ilma selle mitmekülgse ja kauni seljakotita.   </p>
<p><strong>Materjal:  </strong></p>
<p>Ülemine osa: veekindel tugevast polüestrist, musta värvi ja suure vibuga.<br />
Alumine osa: mustast veekindlast tugevast polüestrist.<br />
Vooder: halli värvi kangas.  </p>
<p>Kaks reguleeritavat õlarihma tagavad mugavuse.</p>
<p>Seljakotil on tõmblukk, kaks sisetaskut ja suur tasku 13″ sülearvuti jaoks.</p>
<p><strong>Mõõtmised</strong>:</p>
<p>Kõrgus: 38 cm Laius: 34 cm</p>
