{"id":8933,"date":"2024-02-09T09:00:25","date_gmt":"2024-02-09T09:00:25","guid":{"rendered":"https:\/\/nordicbags.eu\/seljakott-bold-mountains\/"},"modified":"2025-05-29T22:46:23","modified_gmt":"2025-05-29T22:46:23","slug":"seljakott-bold-mountains","status":"publish","type":"product","link":"https:\/\/nordicbags.eu\/et\/toode\/seljakott-bold-mountains\/","title":{"rendered":"Seljakott &#8211; Bold Mountains"},"content":{"rendered":"","protected":false},"excerpt":{"rendered":"<p>J\u00e4\u00e4 organiseerituks ja anna endast m\u00e4rku BOLD MOUNTAINS seljakotiga!<br \/>\nSee ruumikas ja kerge seljakott sobib ideaalselt nii argip\u00e4eva kontorisse s\u00f5itmiseks kui ka n\u00e4dalavahetusel pargipiknikuteks ja k\u00f5igeks muuks vahepealseks.<br \/>\nVeenduge, et olete alati valmis, stiilne, tr\u00fckitud kott paneb teid silma paistma ja pakub piisavalt ruumi igap\u00e4evaste h\u00e4davajalike asjade hoidmiseks.  <\/p>\n<p><strong>Materjal:<\/strong><\/p>\n<p><strong>\u00dclemine osa<\/strong>: sametkangas MUNI kujundusega &#8220;Mountains&#8221;. <strong>Alumine osa:<\/strong> veekindel tugev pol\u00fcester, v\u00e4rvuselt balka. <strong>Vooder:<\/strong> must kangas.<\/p>\n<p>Kaks reguleeritavat \u00f5larihma tagavad mugavuse.<\/p>\n<p>Seljakotil on t\u00f5mblukk, kaks sisetaskut ja suur tasku 13\u2033 s\u00fclearvuti jaoks.<\/p>\n<p><strong>M\u00f5\u00f5tmised<\/strong><\/p>\n<p>K\u00f5rgus: 44 cm Laius: 36 cm<\/p>\n","protected":false},"featured_media":8935,"comment_status":"open","ping_status":"closed","template":"","meta":{"_acf_changed":false},"pwb-brand":[],"product_brand":[],"product_cat":[330],"product_tag":[],"class_list":{"0":"post-8933","1":"product","2":"type-product","3":"status-publish","4":"has-post-thumbnail","6":"product_cat-seljakotid-ja-paevakotid","8":"first","9":"outofstock","10":"taxable","11":"shipping-taxable","12":"purchasable","13":"product-type-simple"},"acf":[],"brands":[],"_links":{"self":[{"href":"https:\/\/nordicbags.eu\/et\/wp-json\/wp\/v2\/product\/8933","targetHints":{"allow":["GET"]}}],"collection":[{"href":"https:\/\/nordicbags.eu\/et\/wp-json\/wp\/v2\/product"}],"about":[{"href":"https:\/\/nordicbags.eu\/et\/wp-json\/wp\/v2\/types\/product"}],"replies":[{"embeddable":true,"href":"https:\/\/nordicbags.eu\/et\/wp-json\/wp\/v2\/comments?post=8933"}],"wp:featuredmedia":[{"embeddable":true,"href":"https:\/\/nordicbags.eu\/et\/wp-json\/wp\/v2\/media\/8935"}],"wp:attachment":[{"href":"https:\/\/nordicbags.eu\/et\/wp-json\/wp\/v2\/media?parent=8933"}],"wp:term":[{"taxonomy":"pwb-brand","embeddable":true,"href":"https:\/\/nordicbags.eu\/et\/wp-json\/wp\/v2\/pwb-brand?post=8933"},{"taxonomy":"product_brand","embeddable":true,"href":"https:\/\/nordicbags.eu\/et\/wp-json\/wp\/v2\/product_brand?post=8933"},{"taxonomy":"product_cat","embeddable":true,"href":"https:\/\/nordicbags.eu\/et\/wp-json\/wp\/v2\/product_cat?post=8933"},{"taxonomy":"product_tag","embeddable":true,"href":"https:\/\/nordicbags.eu\/et\/wp-json\/wp\/v2\/product_tag?post=8933"}],"curies":[{"name":"wp","href":"https:\/\/api.w.org\/{rel}","templated":true}]}}

<p>Jää organiseerituks ja anna endast märku BOLD MOUNTAINS seljakotiga!<br />
See ruumikas ja kerge seljakott sobib ideaalselt nii argipäeva kontorisse sõitmiseks kui ka nädalavahetusel pargipiknikuteks ja kõigeks muuks vahepealseks.<br />
Veenduge, et olete alati valmis, stiilne, trükitud kott paneb teid silma paistma ja pakub piisavalt ruumi igapäevaste hädavajalike asjade hoidmiseks.  </p>
<p><strong>Materjal:</strong></p>
<p><strong>Ülemine osa</strong>: sametkangas MUNI kujundusega &#8220;Mountains&#8221;. <strong>Alumine osa:</strong> veekindel tugev polüester, värvuselt balka. <strong>Vooder:</strong> must kangas.</p>
<p>Kaks reguleeritavat õlarihma tagavad mugavuse.</p>
<p>Seljakotil on tõmblukk, kaks sisetaskut ja suur tasku 13″ sülearvuti jaoks.</p>
<p><strong>Mõõtmised</strong></p>
<p>Kõrgus: 44 cm Laius: 36 cm</p>
